Last updated on 2025-05-10 08:50:40 CEST.
Flavor | Version | Tinstall | Tcheck | Ttotal | Status | Flags |
---|---|---|---|---|---|---|
r-devel-linux-x86_64-debian-clang | 1.2.0 | 11.54 | 266.47 | 278.01 | OK | |
r-devel-linux-x86_64-debian-gcc | 1.2.0 | 5.24 | 174.75 | 179.99 | OK | |
r-devel-linux-x86_64-fedora-clang | 1.2.0 | 436.05 | NOTE | |||
r-devel-linux-x86_64-fedora-gcc | 1.2.0 | 464.89 | NOTE | |||
r-devel-windows-x86_64 | 1.2.0 | 12.00 | 223.00 | 235.00 | OK | |
r-patched-linux-x86_64 | 1.2.0 | 11.74 | 247.59 | 259.33 | OK | |
r-release-linux-x86_64 | 1.2.0 | 8.90 | 247.90 | 256.80 | OK | |
r-release-macos-arm64 | 1.2.0 | 139.00 | OK | |||
r-release-macos-x86_64 | 1.2.0 | 297.00 | OK | |||
r-release-windows-x86_64 | 1.2.0 | 11.00 | 231.00 | 242.00 | OK | |
r-oldrel-macos-arm64 | 1.2.0 | 115.00 | OK | |||
r-oldrel-macos-x86_64 | 1.2.0 | 347.00 | OK | |||
r-oldrel-windows-x86_64 | 1.2.0 | 16.00 | 303.00 | 319.00 | OK |
Version: 1.2.0
Check: dependencies in R code
Result: NOTE
Namespace in Imports field not imported from: ‘broom’
All declared Imports should be used.
Flavors: r-devel-linux-x86_64-fedora-clang, r-devel-linux-x86_64-fedora-gcc