Last updated on 2025-05-10 16:52:24 CEST.
Flavor | Version | Tinstall | Tcheck | Ttotal | Status | Flags |
---|---|---|---|---|---|---|
r-devel-linux-x86_64-debian-clang | 0.1.2 | 55.85 | 27.77 | 83.62 | OK | |
r-devel-linux-x86_64-debian-gcc | 0.1.2 | 42.40 | 21.85 | 64.25 | OK | |
r-devel-linux-x86_64-fedora-clang | 0.1.2 | 166.42 | OK | |||
r-devel-linux-x86_64-fedora-gcc | 0.1.2 | 184.79 | OK | |||
r-devel-windows-x86_64 | 0.1.2 | 66.00 | 63.00 | 129.00 | OK | |
r-patched-linux-x86_64 | 0.1.2 | 58.77 | 26.39 | 85.16 | OK | |
r-release-linux-x86_64 | 0.1.2 | 58.25 | 26.19 | 84.44 | OK | |
r-release-macos-arm64 | 0.1.2 | 38.00 | OK | |||
r-release-macos-x86_64 | 0.1.2 | 50.00 | OK | |||
r-release-windows-x86_64 | 0.1.2 | 67.00 | 65.00 | 132.00 | OK | |
r-oldrel-macos-arm64 | 0.1.2 | 41.00 | NOTE | |||
r-oldrel-macos-x86_64 | 0.1.2 | 45.00 | NOTE | |||
r-oldrel-windows-x86_64 | 0.1.2 | 62.00 | 78.00 | 140.00 | NOTE |
Version: 0.1.2
Check: LazyData
Result: NOTE
'LazyData' is specified without a 'data' directory
Flavors: r-oldrel-macos-arm64, r-oldrel-macos-x86_64, r-oldrel-windows-x86_64