CRAN Package Check Results for Package ineq.2d

Last updated on 2025-05-10 20:49:43 CEST.

Flavor Version Tinstall Tcheck Ttotal Status Flags
r-devel-linux-x86_64-debian-clang 0.1.0 1.56 26.24 27.80 NOTE
r-devel-linux-x86_64-debian-gcc 0.1.0 1.47 20.35 21.82 NOTE
r-devel-linux-x86_64-fedora-clang 0.1.0 44.58 OK
r-devel-linux-x86_64-fedora-gcc 0.1.0 58.74 OK
r-devel-windows-x86_64 0.1.0 4.00 48.00 52.00 OK
r-patched-linux-x86_64 0.1.0 1.94 25.21 27.15 OK
r-release-linux-x86_64 0.1.0 1.81 25.47 27.28 OK
r-release-macos-arm64 0.1.0 25.00 OK
r-release-macos-x86_64 0.1.0 45.00 OK
r-release-windows-x86_64 0.1.0 2.00 49.00 51.00 OK
r-oldrel-macos-arm64 0.1.0 24.00 OK
r-oldrel-macos-x86_64 0.1.0 37.00 OK
r-oldrel-windows-x86_64 0.1.0 4.00 53.00 57.00 OK

Check Details

Version: 0.1.0
Check: CRAN incoming feasibility
Result: NOTE Maintainer: ‘Ivan Skliarov <i.skliarov@student.uw.edu.pl>’ No Authors@R field in DESCRIPTION. Please add one, modifying Authors@R: person(given = "Ivan", family = "Skliarov", role = c("aut", "cre"), email = "i.skliarov@student.uw.edu.pl") as necessary. Flavors: r-devel-linux-x86_64-debian-clang, r-devel-linux-x86_64-debian-gcc