Last updated on 2025-05-10 16:52:23 CEST.
Flavor | Version | Tinstall | Tcheck | Ttotal | Status | Flags |
---|---|---|---|---|---|---|
r-devel-linux-x86_64-debian-clang | 1.1.3 | 8.80 | 89.12 | 97.92 | NOTE | |
r-devel-linux-x86_64-debian-gcc | 1.1.3 | 6.74 | 61.81 | 68.55 | NOTE | |
r-devel-linux-x86_64-fedora-clang | 1.1.3 | 142.88 | OK | |||
r-devel-linux-x86_64-fedora-gcc | 1.1.3 | 152.81 | OK | |||
r-devel-windows-x86_64 | 1.1.3 | 11.00 | 91.00 | 102.00 | OK | |
r-patched-linux-x86_64 | 1.1.3 | 9.40 | 80.63 | 90.03 | OK | |
r-release-linux-x86_64 | 1.1.3 | 8.15 | 81.63 | 89.78 | OK | |
r-release-macos-arm64 | 1.1.3 | 45.00 | OK | |||
r-release-macos-x86_64 | 1.1.3 | 81.00 | OK | |||
r-release-windows-x86_64 | 1.1.3 | 10.00 | 91.00 | 101.00 | OK | |
r-oldrel-macos-arm64 | 1.1.3 | 40.00 | OK | |||
r-oldrel-macos-x86_64 | 1.1.3 | 68.00 | OK | |||
r-oldrel-windows-x86_64 | 1.1.3 | 14.00 | 110.00 | 124.00 | OK |
Version: 1.1.3
Check: CRAN incoming feasibility
Result: NOTE
Maintainer: ‘Ajit Johnson Nirmal <ajitjohnson.n@gmail.com>’
No Authors@R field in DESCRIPTION.
Please add one, modifying
Authors@R: person(given = c("Ajit", "Johnson"),
family = "Nirmal",
role = c("aut", "cre"),
email = "ajitjohnson.n@gmail.com")
as necessary.
Flavors: r-devel-linux-x86_64-debian-clang, r-devel-linux-x86_64-debian-gcc