Last updated on 2025-05-10 16:52:23 CEST.
Flavor | Version | Tinstall | Tcheck | Ttotal | Status | Flags |
---|---|---|---|---|---|---|
r-devel-linux-x86_64-debian-clang | 2.2 | 3.47 | 42.13 | 45.60 | NOTE | |
r-devel-linux-x86_64-debian-gcc | 2.2 | 3.01 | 32.06 | 35.07 | NOTE | |
r-devel-linux-x86_64-fedora-clang | 2.2 | 76.80 | OK | |||
r-devel-linux-x86_64-fedora-gcc | 2.2 | 69.23 | OK | |||
r-devel-windows-x86_64 | 2.2 | 6.00 | 64.00 | 70.00 | OK | |
r-patched-linux-x86_64 | 2.2 | 4.29 | 40.36 | 44.65 | OK | |
r-release-linux-x86_64 | 2.2 | 3.42 | 39.80 | 43.22 | OK | |
r-release-macos-arm64 | 2.2 | 32.00 | OK | |||
r-release-macos-x86_64 | 2.2 | 52.00 | OK | |||
r-release-windows-x86_64 | 2.2 | 6.00 | 67.00 | 73.00 | OK | |
r-oldrel-macos-arm64 | 2.2 | 24.00 | OK | |||
r-oldrel-macos-x86_64 | 2.2 | 38.00 | OK | |||
r-oldrel-windows-x86_64 | 2.2 | 7.00 | 73.00 | 80.00 | OK |
Version: 2.2
Check: CRAN incoming feasibility
Result: NOTE
Maintainer: ‘Steffen Moritz <steffen.moritz10@gmail.com>’
Package CITATION file contains call(s) to old-style personList() or
as.personList(). Please use c() on person objects instead.
Flavors: r-devel-linux-x86_64-debian-clang, r-devel-linux-x86_64-debian-gcc