Last updated on 2025-05-10 20:49:43 CEST.
Flavor | Version | Tinstall | Tcheck | Ttotal | Status | Flags |
---|---|---|---|---|---|---|
r-devel-linux-x86_64-debian-clang | 1.2.1 | 2.67 | 26.78 | 29.45 | OK | |
r-devel-linux-x86_64-debian-gcc | 1.2.1 | 2.29 | 20.52 | 22.81 | OK | |
r-devel-linux-x86_64-fedora-clang | 1.2.1 | 54.07 | NOTE | |||
r-devel-linux-x86_64-fedora-gcc | 1.2.1 | 62.70 | NOTE | |||
r-devel-windows-x86_64 | 1.2.1 | 4.00 | 48.00 | 52.00 | OK | |
r-patched-linux-x86_64 | 1.2.1 | 3.38 | 25.86 | 29.24 | OK | |
r-release-linux-x86_64 | 1.2.1 | 3.00 | 25.88 | 28.88 | OK | |
r-release-macos-arm64 | 1.2.1 | 24.00 | OK | |||
r-release-macos-x86_64 | 1.2.1 | 46.00 | OK | |||
r-release-windows-x86_64 | 1.2.1 | 4.00 | 48.00 | 52.00 | OK | |
r-oldrel-macos-arm64 | 1.2.1 | 24.00 | OK | |||
r-oldrel-macos-x86_64 | 1.2.1 | 36.00 | OK | |||
r-oldrel-windows-x86_64 | 1.2.1 | 6.00 | 53.00 | 59.00 | OK |
Version: 1.2.1
Check: dependencies in R code
Result: NOTE
Namespaces in Imports field not imported from:
‘data.table’ ‘dplyr’ ‘haven’
All declared Imports should be used.
Flavors: r-devel-linux-x86_64-fedora-clang, r-devel-linux-x86_64-fedora-gcc