CRAN Package Check Results for Package importar

Last updated on 2025-05-10 16:52:23 CEST.

Flavor Version Tinstall Tcheck Ttotal Status Flags
r-devel-linux-x86_64-debian-clang 0.1.1 1.24 18.99 20.23 NOTE
r-devel-linux-x86_64-debian-gcc 0.1.1 1.19 15.55 16.74 NOTE
r-devel-linux-x86_64-fedora-clang 0.1.1 29.98 OK
r-devel-linux-x86_64-fedora-gcc 0.1.1 29.66 OK
r-devel-windows-x86_64 0.1.1 3.00 44.00 47.00 OK
r-patched-linux-x86_64 0.1.1 1.35 17.01 18.36 OK
r-release-linux-x86_64 0.1.1 1.60 17.11 18.71 OK
r-release-macos-arm64 0.1.1 17.00 OK
r-release-macos-x86_64 0.1.1 30.00 OK
r-release-windows-x86_64 0.1.1 3.00 46.00 49.00 OK
r-oldrel-macos-arm64 0.1.1 14.00 NOTE
r-oldrel-macos-x86_64 0.1.1 22.00 NOTE
r-oldrel-windows-x86_64 0.1.1 3.00 46.00 49.00 NOTE

Check Details

Version: 0.1.1
Check: CRAN incoming feasibility
Result: NOTE Maintainer: ‘Andrea Cantieni <andrea.cantieni@phsz.ch>’ No Authors@R field in DESCRIPTION. Please add one, modifying Authors@R: person(given = "Andrea", family = "Cantieni", role = c("aut", "cre"), email = "andrea.cantieni@phsz.ch") as necessary. Flavors: r-devel-linux-x86_64-debian-clang, r-devel-linux-x86_64-debian-gcc

Version: 0.1.1
Check: LazyData
Result: NOTE 'LazyData' is specified without a 'data' directory Flavors: r-oldrel-macos-arm64, r-oldrel-macos-x86_64, r-oldrel-windows-x86_64