Last updated on 2025-05-10 08:50:40 CEST.
Flavor | Version | Tinstall | Tcheck | Ttotal | Status | Flags |
---|---|---|---|---|---|---|
r-devel-linux-x86_64-debian-clang | 0.2.1 | 7.06 | 106.54 | 113.60 | NOTE | |
r-devel-linux-x86_64-debian-gcc | 0.2.1 | 4.39 | 75.49 | 79.88 | NOTE | |
r-devel-linux-x86_64-fedora-clang | 0.2.1 | 163.17 | OK | |||
r-devel-linux-x86_64-fedora-gcc | 0.2.1 | 192.46 | OK | |||
r-devel-windows-x86_64 | 0.2.1 | 7.00 | 117.00 | 124.00 | OK | |
r-patched-linux-x86_64 | 0.2.1 | 6.84 | 100.84 | 107.68 | OK | |
r-release-linux-x86_64 | 0.2.1 | 6.49 | 101.17 | 107.66 | OK | |
r-release-macos-arm64 | 0.2.1 | 59.00 | OK | |||
r-release-macos-x86_64 | 0.2.1 | 117.00 | OK | |||
r-release-windows-x86_64 | 0.2.1 | 10.00 | 120.00 | 130.00 | OK | |
r-oldrel-macos-arm64 | 0.2.1 | 62.00 | OK | |||
r-oldrel-macos-x86_64 | 0.2.1 | 100.00 | OK | |||
r-oldrel-windows-x86_64 | 0.2.1 | 11.00 | 150.00 | 161.00 | OK |
Version: 0.2.1
Check: CRAN incoming feasibility
Result: NOTE
Maintainer: ‘Ottavia M. Epifania <otta.epifania@gmail.com>’
No Authors@R field in DESCRIPTION.
Please add one, modifying
Authors@R: c(person(given = c("Ottavia", "M."),
family = "Epifania",
role = c("aut", "cre"),
email = "otta.epifania@gmail.com"),
person(given = "Pasquale",
family = "Anselmi",
role = "ctb"),
person(given = "Egidio",
family = "Robusto",
role = "ctb"))
as necessary.
Flavors: r-devel-linux-x86_64-debian-clang, r-devel-linux-x86_64-debian-gcc