Last updated on 2025-11-06 08:50:15 CET.
| Flavor | Version | Tinstall | Tcheck | Ttotal | Status | Flags |
|---|---|---|---|---|---|---|
| r-devel-linux-x86_64-debian-clang | 1.0.3 | 37.28 | 284.98 | 322.26 | OK | |
| r-devel-linux-x86_64-debian-gcc | 1.0.3 | 20.81 | 203.64 | 224.45 | OK | |
| r-devel-linux-x86_64-fedora-clang | 1.0.3 | 222.00 | 301.72 | 523.72 | OK | |
| r-devel-linux-x86_64-fedora-gcc | 1.0.3 | 143.00 | 371.30 | 514.30 | OK | |
| r-devel-windows-x86_64 | 1.0.3 | 33.00 | 233.00 | 266.00 | OK | |
| r-patched-linux-x86_64 | 1.0.3 | 32.05 | 268.62 | 300.67 | OK | |
| r-release-linux-x86_64 | 1.0.3 | 0.20 | 1.94 | 2.14 | ERROR | |
| r-release-macos-arm64 | 1.0.3 | 5.00 | ERROR | |||
| r-release-macos-x86_64 | 1.0.3 | 40.00 | 179.00 | 219.00 | OK | |
| r-release-windows-x86_64 | 1.0.3 | 33.00 | 230.00 | 263.00 | OK | |
| r-oldrel-macos-arm64 | 1.0.3 | 17.00 | 113.00 | 130.00 | OK | |
| r-oldrel-macos-x86_64 | 1.0.3 | 23.00 | 159.00 | 182.00 | OK | |
| r-oldrel-windows-x86_64 | 1.0.3 | 36.00 | 314.00 | 350.00 | OK |
Version: 1.0.3
Check: package dependencies
Result: ERROR
Package required but not available: ‘clusterProfiler’
See section ‘The DESCRIPTION file’ in the ‘Writing R Extensions’
manual.
Flavor: r-release-linux-x86_64
Version: 1.0.3
Check: package dependencies
Result: ERROR
Package required but not available: ‘org.Hs.eg.db’
See section ‘The DESCRIPTION file’ in the ‘Writing R Extensions’
manual.
Flavor: r-release-macos-arm64