Last updated on 2025-05-10 16:52:22 CEST.
Flavor | Version | Tinstall | Tcheck | Ttotal | Status | Flags |
---|---|---|---|---|---|---|
r-devel-linux-x86_64-debian-clang | 1.3.2 | 53.14 | 71.10 | 124.24 | NOTE | |
r-devel-linux-x86_64-debian-gcc | 1.3.2 | 40.52 | 53.31 | 93.83 | NOTE | |
r-devel-linux-x86_64-fedora-clang | 1.3.2 | 234.98 | OK | |||
r-devel-linux-x86_64-fedora-gcc | 1.3.2 | 262.98 | OK | |||
r-devel-windows-x86_64 | 1.3.2 | 68.00 | 116.00 | 184.00 | OK | |
r-patched-linux-x86_64 | 1.3.2 | 55.73 | 68.63 | 124.36 | OK | |
r-release-linux-x86_64 | 1.3.2 | 56.93 | 68.22 | 125.15 | OK | |
r-release-macos-arm64 | 1.3.2 | 74.00 | OK | |||
r-release-macos-x86_64 | 1.3.2 | 120.00 | OK | |||
r-release-windows-x86_64 | 1.3.2 | 65.00 | 114.00 | 179.00 | OK | |
r-oldrel-macos-arm64 | 1.3.2 | 68.00 | OK | |||
r-oldrel-macos-x86_64 | 1.3.2 | 81.00 | OK | |||
r-oldrel-windows-x86_64 | 1.3.2 | 76.00 | 135.00 | 211.00 | OK |
Version: 1.3.2
Check: CRAN incoming feasibility
Result: NOTE
Maintainer: ‘Shota Ochi <shotaochi1990@gmail.com>’
Found the following URLs which should use \doi (with the DOI name only):
File ‘BalanceSimplest.Rd’:
https://doi.org/10.5201/ipol.2011.llmps-scb
File ‘DenoiseDCT.Rd’:
https://doi.org/10.5201/ipol.2011.ys-dct
File ‘EqualizePiecewise.Rd’:
https://doi.org/10.5201/ipol.2012.lps-pae
File ‘SPE.Rd’:
https://doi.org/10.5201/ipol.2014.84
Flavors: r-devel-linux-x86_64-debian-clang, r-devel-linux-x86_64-debian-gcc