CRAN Package Check Results for Package ihpdr

Last updated on 2025-07-22 16:49:36 CEST.

Flavor Version Tinstall Tcheck Ttotal Status Flags
r-devel-linux-x86_64-debian-clang 1.2.1 5.56 51.96 57.52 NOTE
r-devel-linux-x86_64-debian-gcc 1.2.1 4.37 38.81 43.18 NOTE
r-devel-linux-x86_64-fedora-clang 1.2.1 86.35 OK
r-devel-linux-x86_64-fedora-gcc 1.2.1 77.39 OK
r-devel-windows-x86_64 1.2.1 6.00 62.00 68.00 OK
r-patched-linux-x86_64 1.2.1 5.34 46.82 52.16 OK
r-release-linux-x86_64 1.2.1 5.64 47.31 52.95 OK
r-release-macos-arm64 1.2.1 40.00 OK
r-release-macos-x86_64 1.2.1 61.00 OK
r-release-windows-x86_64 1.2.1 7.00 67.00 74.00 OK
r-oldrel-macos-arm64 1.2.1 38.00 NOTE
r-oldrel-macos-x86_64 1.2.1 48.00 NOTE
r-oldrel-windows-x86_64 1.2.1 10.00 75.00 85.00 NOTE

Check Details

Version: 1.2.1
Check: CRAN incoming feasibility
Result: NOTE Maintainer: ‘Kostas Vasilopoulos <k.vasilopoulo@gmail.com>’ Package CITATION file contains call(s) to old-style personList() or as.personList(). Please use c() on person objects instead. Package CITATION file contains call(s) to old-style citEntry(). Please use bibentry() instead. Flavors: r-devel-linux-x86_64-debian-clang, r-devel-linux-x86_64-debian-gcc

Version: 1.2.1
Check: LazyData
Result: NOTE 'LazyData' is specified without a 'data' directory Flavors: r-oldrel-macos-arm64, r-oldrel-macos-x86_64, r-oldrel-windows-x86_64