Last updated on 2025-05-10 12:49:44 CEST.
Flavor | Version | Tinstall | Tcheck | Ttotal | Status | Flags |
---|---|---|---|---|---|---|
r-devel-linux-x86_64-debian-clang | 1.0.1 | 1.63 | 20.82 | 22.45 | NOTE | |
r-devel-linux-x86_64-debian-gcc | 1.0.1 | 1.37 | 16.83 | 18.20 | NOTE | |
r-devel-linux-x86_64-fedora-clang | 1.0.1 | 31.34 | OK | |||
r-devel-linux-x86_64-fedora-gcc | 1.0.1 | 32.22 | OK | |||
r-devel-windows-x86_64 | 1.0.1 | 3.00 | 41.00 | 44.00 | OK | |
r-patched-linux-x86_64 | 1.0.1 | 1.97 | 18.92 | 20.89 | OK | |
r-release-linux-x86_64 | 1.0.1 | 1.86 | 19.00 | 20.86 | OK | |
r-release-macos-arm64 | 1.0.1 | 20.00 | OK | |||
r-release-macos-x86_64 | 1.0.1 | 25.00 | OK | |||
r-release-windows-x86_64 | 1.0.1 | 3.00 | 46.00 | 49.00 | OK | |
r-oldrel-macos-arm64 | 1.0.1 | 15.00 | OK | |||
r-oldrel-macos-x86_64 | 1.0.1 | 20.00 | OK | |||
r-oldrel-windows-x86_64 | 1.0.1 | 2.00 | 46.00 | 48.00 | OK |
Version: 1.0.1
Check: CRAN incoming feasibility
Result: NOTE
Maintainer: ‘Gabor Csardi <csardi.gabor@gmail.com>’
No Authors@R field in DESCRIPTION.
Please add one, modifying
Authors@R: person(given = "Gabor",
family = "Csardi",
role = c("aut", "cre"),
email = "csardi.gabor@gmail.com")
as necessary.
Found the following (possibly) invalid file URI:
URI: LICENSE
From: inst/README.md
Flavors: r-devel-linux-x86_64-debian-clang, r-devel-linux-x86_64-debian-gcc