Last updated on 2025-07-22 04:50:05 CEST.
Flavor | Version | Tinstall | Tcheck | Ttotal | Status | Flags |
---|---|---|---|---|---|---|
r-devel-linux-x86_64-debian-clang | 0.2-2 | 2.12 | 16.52 | 18.64 | OK | |
r-devel-linux-x86_64-debian-gcc | 0.2-2 | 1.72 | 14.53 | 16.25 | OK | |
r-devel-linux-x86_64-fedora-clang | 0.2-2 | 27.37 | OK | |||
r-devel-linux-x86_64-fedora-gcc | 0.2-2 | 27.38 | OK | |||
r-patched-linux-x86_64 | 0.2-2 | 1.97 | 15.50 | 17.47 | OK | |
r-release-linux-x86_64 | 0.2-2 | 1.79 | 15.60 | 17.39 | OK | |
r-release-macos-arm64 | 0.2-2 | 15.00 | NOTE | |||
r-release-macos-x86_64 | 0.2-2 | 23.00 | OK | |||
r-oldrel-macos-arm64 | 0.2-2 | 16.00 | OK | |||
r-oldrel-macos-x86_64 | 0.2-2 | 21.00 | OK |
Version: 0.2-2
Check: differences from ‘ieeeround-Ex.Rout’ to ‘ieeeround-Ex.Rout.save’
Result: NOTE
19c19
< [1] 2048
---
> [1] 0
22c22
< [1] 1024
---
> [1] 0
25c25
< [1] FALSE
---
> [1] TRUE
Flavor: r-release-macos-arm64