Last updated on 2025-05-10 20:49:43 CEST.
Flavor | Version | Tinstall | Tcheck | Ttotal | Status | Flags |
---|---|---|---|---|---|---|
r-devel-linux-x86_64-debian-clang | 1.0.1 | 2.03 | 32.21 | 34.24 | NOTE | |
r-devel-linux-x86_64-debian-gcc | 1.0.1 | 1.44 | 25.60 | 27.04 | NOTE | |
r-devel-linux-x86_64-fedora-clang | 1.0.1 | 52.32 | OK | |||
r-devel-linux-x86_64-fedora-gcc | 1.0.1 | 66.24 | OK | |||
r-devel-windows-x86_64 | 1.0.1 | 3.00 | 53.00 | 56.00 | OK | |
r-patched-linux-x86_64 | 1.0.1 | 1.71 | 28.85 | 30.56 | OK | |
r-release-linux-x86_64 | 1.0.1 | 2.09 | 29.23 | 31.32 | OK | |
r-release-macos-arm64 | 1.0.1 | 37.00 | OK | |||
r-release-macos-x86_64 | 1.0.1 | 52.00 | OK | |||
r-release-windows-x86_64 | 1.0.1 | 3.00 | 53.00 | 56.00 | OK | |
r-oldrel-macos-arm64 | 1.0.1 | 25.00 | OK | |||
r-oldrel-macos-x86_64 | 1.0.1 | 40.00 | OK | |||
r-oldrel-windows-x86_64 | 1.0.1 | 4.00 | 60.00 | 64.00 | OK |
Version: 1.0.1
Check: CRAN incoming feasibility
Result: NOTE
Maintainer: ‘Rich FitzJohn <rich.fitzjohn@gmail.com>’
Found the following (possibly) invalid file URI:
URI: gfycat.com
From: man/adjective_animal.Rd
Flavors: r-devel-linux-x86_64-debian-clang, r-devel-linux-x86_64-debian-gcc