CRAN Package Check Results for Package icesTAF

Last updated on 2025-07-22 16:49:36 CEST.

Flavor Version Tinstall Tcheck Ttotal Status Flags
r-devel-linux-x86_64-debian-clang 4.2.0 4.21 37.33 41.54 NOTE
r-devel-linux-x86_64-debian-gcc 4.2.0 2.70 28.89 31.59 NOTE
r-devel-linux-x86_64-fedora-clang 4.2.0 63.64 OK
r-devel-linux-x86_64-fedora-gcc 4.2.0 60.43 OK
r-devel-windows-x86_64 4.2.0 6.00 54.00 60.00 NOTE
r-patched-linux-x86_64 4.2.0 4.15 35.15 39.30 NOTE
r-release-linux-x86_64 4.2.0 3.34 35.66 39.00 NOTE
r-release-macos-arm64 4.2.0 27.00 OK
r-release-macos-x86_64 4.2.0 47.00 OK
r-release-windows-x86_64 4.2.0 7.00 59.00 66.00 NOTE
r-oldrel-macos-arm64 4.2.0 23.00 OK
r-oldrel-macos-x86_64 4.2.0 32.00 OK
r-oldrel-windows-x86_64 4.2.0 7.00 68.00 75.00 OK

Check Details

Version: 4.2.0
Check: Rd cross-references
Result: NOTE Found the following Rd file(s) with Rd \link{} targets missing package anchors: taf.colors.Rd: TAF-package taf.skeleton.sa.org.Rd: TAF-package Please provide package anchors for all Rd \link{} targets not in the package itself and the base packages. Flavors: r-devel-linux-x86_64-debian-clang, r-devel-linux-x86_64-debian-gcc, r-devel-windows-x86_64, r-patched-linux-x86_64, r-release-linux-x86_64, r-release-windows-x86_64