Last updated on 2025-05-10 16:52:21 CEST.
Flavor | Version | Tinstall | Tcheck | Ttotal | Status | Flags |
---|---|---|---|---|---|---|
r-devel-linux-x86_64-debian-clang | 2.0.16 | 54.73 | 127.36 | 182.09 | NOTE | |
r-devel-linux-x86_64-debian-gcc | 2.0.16 | 45.28 | 96.85 | 142.13 | NOTE | |
r-devel-linux-x86_64-fedora-clang | 2.0.16 | 313.00 | OK | |||
r-devel-linux-x86_64-fedora-gcc | 2.0.16 | 365.88 | OK | |||
r-devel-windows-x86_64 | 2.0.16 | 64.00 | 262.00 | 326.00 | OK | |
r-patched-linux-x86_64 | 2.0.16 | 65.15 | 128.48 | 193.63 | OK | |
r-release-linux-x86_64 | 2.0.16 | 63.87 | 128.00 | 191.87 | OK | |
r-release-macos-arm64 | 2.0.16 | 106.00 | OK | |||
r-release-macos-x86_64 | 2.0.16 | 200.00 | OK | |||
r-release-windows-x86_64 | 2.0.16 | 63.00 | 269.00 | 332.00 | OK | |
r-oldrel-macos-arm64 | 2.0.16 | 94.00 | NOTE | |||
r-oldrel-macos-x86_64 | 2.0.16 | 163.00 | NOTE | |||
r-oldrel-windows-x86_64 | 2.0.16 | 79.00 | 302.00 | 381.00 | OK |
Version: 2.0.16
Check: CRAN incoming feasibility
Result: NOTE
Maintainer: ‘Clifford Anderson-Bergman <pistacliffcho@gmail.com>’
No Authors@R field in DESCRIPTION.
Please add one, modifying
Authors@R: person(given = "Clifford",
family = "Anderson-Bergman",
role = c("aut", "cre"),
email = "pistacliffcho@gmail.com")
as necessary.
Flavors: r-devel-linux-x86_64-debian-clang, r-devel-linux-x86_64-debian-gcc
Version: 2.0.16
Check: installed package size
Result: NOTE
installed size is 19.3Mb
sub-directories of 1Mb or more:
libs 17.8Mb
Flavors: r-oldrel-macos-arm64, r-oldrel-macos-x86_64