Last updated on 2025-05-10 16:52:22 CEST.
Flavor | Version | Tinstall | Tcheck | Ttotal | Status | Flags |
---|---|---|---|---|---|---|
r-devel-linux-x86_64-debian-clang | 1.6.1 | 2.99 | 25.67 | 28.66 | NOTE | |
r-devel-linux-x86_64-debian-gcc | 1.6.1 | 2.19 | 20.34 | 22.53 | NOTE | |
r-devel-linux-x86_64-fedora-clang | 1.6.1 | 47.31 | OK | |||
r-devel-linux-x86_64-fedora-gcc | 1.6.1 | 45.54 | OK | |||
r-devel-windows-x86_64 | 1.6.1 | 5.00 | 48.00 | 53.00 | OK | |
r-patched-linux-x86_64 | 1.6.1 | 2.61 | 24.90 | 27.51 | OK | |
r-release-linux-x86_64 | 1.6.1 | 2.76 | 24.66 | 27.42 | OK | |
r-release-macos-arm64 | 1.6.1 | 17.00 | OK | |||
r-release-macos-x86_64 | 1.6.1 | 28.00 | OK | |||
r-release-windows-x86_64 | 1.6.1 | 6.00 | 48.00 | 54.00 | OK | |
r-oldrel-macos-arm64 | 1.6.1 | 18.00 | OK | |||
r-oldrel-macos-x86_64 | 1.6.1 | 24.00 | OK | |||
r-oldrel-windows-x86_64 | 1.6.1 | 6.00 | 53.00 | 59.00 | OK |
Version: 1.6.1
Check: CRAN incoming feasibility
Result: NOTE
Maintainer: ‘Kai Wang <kai-wang@uiowa.edu>’
No Authors@R field in DESCRIPTION.
Please add one, modifying
Authors@R: c(person(given = c("Dr.", "Kai"),
family = "Wang",
role = "aut"),
person(given = "Kai",
family = "Wang",
role = "cre",
email = "kai-wang@uiowa.edu"))
as necessary.
Flavors: r-devel-linux-x86_64-debian-clang, r-devel-linux-x86_64-debian-gcc