Last updated on 2025-05-10 20:49:42 CEST.
Flavor | Version | Tinstall | Tcheck | Ttotal | Status | Flags |
---|---|---|---|---|---|---|
r-devel-linux-x86_64-debian-clang | 0.2.9 | 3.01 | 31.61 | 34.62 | NOTE | |
r-devel-linux-x86_64-debian-gcc | 0.2.9 | 1.86 | 24.41 | 26.27 | NOTE | |
r-devel-linux-x86_64-fedora-clang | 0.2.9 | 52.05 | OK | |||
r-devel-linux-x86_64-fedora-gcc | 0.2.9 | 52.05 | OK | |||
r-devel-windows-x86_64 | 0.2.9 | 4.00 | 63.00 | 67.00 | OK | |
r-patched-linux-x86_64 | 0.2.9 | 2.47 | 30.65 | 33.12 | OK | |
r-release-linux-x86_64 | 0.2.9 | 2.87 | 30.10 | 32.97 | OK | |
r-release-macos-arm64 | 0.2.9 | 20.00 | OK | |||
r-release-macos-x86_64 | 0.2.9 | 36.00 | OK | |||
r-release-windows-x86_64 | 0.2.9 | 6.00 | 64.00 | 70.00 | OK | |
r-oldrel-macos-arm64 | 0.2.9 | 19.00 | OK | |||
r-oldrel-macos-x86_64 | 0.2.9 | 29.00 | OK | |||
r-oldrel-windows-x86_64 | 0.2.9 | 5.00 | 70.00 | 75.00 | OK |
Version: 0.2.9
Check: CRAN incoming feasibility
Result: NOTE
Maintainer: ‘Nick Bond <n.bond@latrobe.edu.au>’
No Authors@R field in DESCRIPTION.
Please add one, modifying
Authors@R: person(given = "Nick",
family = "Bond",
role = c("aut", "cre"),
email = "n.bond@latrobe.edu.au")
as necessary.
Flavors: r-devel-linux-x86_64-debian-clang, r-devel-linux-x86_64-debian-gcc