Last updated on 2025-05-10 20:49:42 CEST.
Flavor | Version | Tinstall | Tcheck | Ttotal | Status | Flags |
---|---|---|---|---|---|---|
r-devel-linux-x86_64-debian-clang | 1.1 | 1.79 | 26.95 | 28.74 | NOTE | |
r-devel-linux-x86_64-debian-gcc | 1.1 | 1.46 | 21.47 | 22.93 | NOTE | |
r-devel-linux-x86_64-fedora-clang | 1.1 | 45.78 | OK | |||
r-devel-linux-x86_64-fedora-gcc | 1.1 | 58.13 | OK | |||
r-devel-windows-x86_64 | 1.1 | 3.00 | 48.00 | 51.00 | OK | |
r-patched-linux-x86_64 | 1.1 | 1.53 | 25.92 | 27.45 | OK | |
r-release-linux-x86_64 | 1.1 | 1.40 | 25.77 | 27.17 | OK | |
r-release-macos-arm64 | 1.1 | 23.00 | OK | |||
r-release-macos-x86_64 | 1.1 | 40.00 | OK | |||
r-release-windows-x86_64 | 1.1 | 3.00 | 47.00 | 50.00 | OK | |
r-oldrel-macos-arm64 | 1.1 | 23.00 | OK | |||
r-oldrel-macos-x86_64 | 1.1 | 34.00 | OK | |||
r-oldrel-windows-x86_64 | 1.1 | 3.00 | 53.00 | 56.00 | OK |
Version: 1.1
Check: CRAN incoming feasibility
Result: NOTE
Maintainer: ‘Kevin Wright <kw.stat@gmail.com>’
The BugReports field in DESCRIPTION has
https://github.com/kwstat/hopkins/
which should likely be
https://github.com/kwstat/hopkins/issues
instead.
Flavors: r-devel-linux-x86_64-debian-clang, r-devel-linux-x86_64-debian-gcc