Last updated on 2025-05-10 20:49:42 CEST.
Flavor | Version | Tinstall | Tcheck | Ttotal | Status | Flags |
---|---|---|---|---|---|---|
r-devel-linux-x86_64-debian-clang | 0.8.5 | 9.92 | 76.35 | 86.27 | NOTE | |
r-devel-linux-x86_64-debian-gcc | 0.8.5 | 6.01 | 51.54 | 57.55 | NOTE | |
r-devel-linux-x86_64-fedora-clang | 0.8.5 | 118.04 | NOTE | |||
r-devel-linux-x86_64-fedora-gcc | 0.8.5 | 121.39 | NOTE | |||
r-devel-windows-x86_64 | 0.8.5 | 11.00 | 92.00 | 103.00 | NOTE | |
r-patched-linux-x86_64 | 0.8.5 | 9.73 | 67.10 | 76.83 | NOTE | |
r-release-linux-x86_64 | 0.8.5 | 9.53 | 67.55 | 77.08 | NOTE | |
r-release-macos-arm64 | 0.8.5 | 38.00 | NOTE | |||
r-release-macos-x86_64 | 0.8.5 | 60.00 | NOTE | |||
r-release-windows-x86_64 | 0.8.5 | 12.00 | 93.00 | 105.00 | NOTE | |
r-oldrel-macos-arm64 | 0.8.5 | 41.00 | OK | |||
r-oldrel-macos-x86_64 | 0.8.5 | 70.00 | OK | |||
r-oldrel-windows-x86_64 | 0.8.5 | 15.00 | 108.00 | 123.00 | OK |
Version: 0.8.5
Check: DESCRIPTION meta-information
Result: NOTE
Missing dependency on R >= 4.1.0 because package code uses the pipe
|> or function shorthand \(...) syntax added in R 4.1.0.
File(s) using such syntax:
‘daily_temp.R’ ‘extra_viz.R’ ‘instrumental_temp.R’
Flavors: r-devel-linux-x86_64-debian-clang, r-devel-linux-x86_64-debian-gcc, r-devel-linux-x86_64-fedora-clang, r-devel-linux-x86_64-fedora-gcc, r-devel-windows-x86_64, r-patched-linux-x86_64, r-release-linux-x86_64, r-release-macos-arm64, r-release-macos-x86_64, r-release-windows-x86_64