Last updated on 2025-05-10 16:52:19 CEST.
Flavor | Version | Tinstall | Tcheck | Ttotal | Status | Flags |
---|---|---|---|---|---|---|
r-devel-linux-x86_64-debian-clang | 0.10 | 29.47 | 242.50 | 271.97 | OK | |
r-devel-linux-x86_64-debian-gcc | 0.10 | 18.36 | 170.11 | 188.47 | OK | |
r-devel-linux-x86_64-fedora-clang | 0.10 | 455.61 | NOTE | |||
r-devel-linux-x86_64-fedora-gcc | 0.10 | 423.99 | NOTE | |||
r-devel-windows-x86_64 | 0.10 | 27.00 | 212.00 | 239.00 | OK | |
r-patched-linux-x86_64 | 0.10 | 28.55 | 227.52 | 256.07 | OK | |
r-release-linux-x86_64 | 0.10 | 26.03 | 230.44 | 256.47 | OK | |
r-release-macos-arm64 | 0.10 | 143.00 | OK | |||
r-release-macos-x86_64 | 0.10 | 295.00 | OK | |||
r-release-windows-x86_64 | 0.10 | 29.00 | 216.00 | 245.00 | OK | |
r-oldrel-macos-arm64 | 0.10 | 130.00 | OK | |||
r-oldrel-macos-x86_64 | 0.10 | 195.00 | OK | |||
r-oldrel-windows-x86_64 | 0.10 | 38.00 | 275.00 | 313.00 | OK |
Version: 0.10
Check: dependencies in R code
Result: NOTE
Namespaces in Imports field not imported from:
‘knitr’ ‘rmarkdown’
All declared Imports should be used.
Flavors: r-devel-linux-x86_64-fedora-clang, r-devel-linux-x86_64-fedora-gcc