Last updated on 2025-05-10 16:52:19 CEST.
Flavor | Version | Tinstall | Tcheck | Ttotal | Status | Flags |
---|---|---|---|---|---|---|
r-devel-linux-x86_64-debian-clang | 1.1.2 | 8.77 | 81.51 | 90.28 | NOTE | |
r-devel-linux-x86_64-debian-gcc | 1.1.2 | 5.49 | 56.84 | 62.33 | NOTE | |
r-devel-linux-x86_64-fedora-clang | 1.1.2 | 143.52 | NOTE | |||
r-devel-linux-x86_64-fedora-gcc | 1.1.2 | 141.25 | NOTE | |||
r-devel-windows-x86_64 | 1.1.2 | 11.00 | 90.00 | 101.00 | NOTE | |
r-patched-linux-x86_64 | 1.1.2 | 7.73 | 73.33 | 81.06 | NOTE | |
r-release-linux-x86_64 | 1.1.2 | 7.84 | 72.30 | 80.14 | NOTE | |
r-release-macos-arm64 | 1.1.2 | 60.00 | NOTE | |||
r-release-macos-x86_64 | 1.1.2 | 89.00 | NOTE | |||
r-release-windows-x86_64 | 1.1.2 | 12.00 | 89.00 | 101.00 | NOTE | |
r-oldrel-macos-arm64 | 1.1.2 | 217.00 | NOTE | |||
r-oldrel-macos-x86_64 | 1.1.2 | 244.00 | NOTE | |||
r-oldrel-windows-x86_64 | 1.1.2 | 13.00 | 108.00 | 121.00 | NOTE |
Version: 1.1.2
Check: DESCRIPTION meta-information
Result: NOTE
Missing dependency on R >= 4.1.0 because package code uses the pipe
|> or function shorthand \(...) syntax added in R 4.1.0.
File(s) using such syntax:
‘theme_hmsid.Rd’
Flavors: r-devel-linux-x86_64-debian-clang, r-devel-linux-x86_64-debian-gcc, r-devel-linux-x86_64-fedora-clang, r-devel-linux-x86_64-fedora-gcc, r-devel-windows-x86_64, r-patched-linux-x86_64, r-release-linux-x86_64, r-release-macos-arm64, r-release-macos-x86_64, r-release-windows-x86_64
Version: 1.1.2
Check: installed package size
Result: NOTE
installed size is 6.2Mb
sub-directories of 1Mb or more:
data 2.0Mb
doc 4.0Mb
Flavors: r-oldrel-macos-arm64, r-oldrel-macos-x86_64, r-oldrel-windows-x86_64