Last updated on 2025-05-10 16:52:19 CEST.
Flavor | Version | Tinstall | Tcheck | Ttotal | Status | Flags |
---|---|---|---|---|---|---|
r-devel-linux-x86_64-debian-clang | 1.0.2 | 173.06 | 245.25 | 418.31 | NOTE | |
r-devel-linux-x86_64-debian-gcc | 1.0.2 | 159.34 | 159.68 | 319.02 | NOTE | |
r-devel-linux-x86_64-fedora-clang | 1.0.2 | 638.36 | OK | |||
r-devel-linux-x86_64-fedora-gcc | 1.0.2 | 843.43 | OK | |||
r-devel-windows-x86_64 | 1.0.2 | 184.00 | 225.00 | 409.00 | OK | |
r-patched-linux-x86_64 | 1.0.2 | 209.28 | 232.31 | 441.59 | OK | |
r-release-linux-x86_64 | 1.0.2 | 215.82 | 233.77 | 449.59 | OK | |
r-release-macos-arm64 | 1.0.2 | 174.00 | OK | |||
r-release-macos-x86_64 | 1.0.2 | 384.00 | OK | |||
r-release-windows-x86_64 | 1.0.2 | 178.00 | 229.00 | 407.00 | OK | |
r-oldrel-macos-arm64 | 1.0.2 | 160.00 | NOTE | |||
r-oldrel-macos-x86_64 | 1.0.2 | 254.00 | NOTE | |||
r-oldrel-windows-x86_64 | 1.0.2 | 232.00 | 303.00 | 535.00 | NOTE |
Version: 1.0.2
Check: CRAN incoming feasibility
Result: NOTE
Maintainer: ‘Theo Michelot <theo.michelot@dal.ca>’
The Description field contains
<arXiv:2211.14139>.
Please refer to arXiv e-prints via their arXiv DOI <doi:10.48550/arXiv.YYMM.NNNNN>.
Flavors: r-devel-linux-x86_64-debian-clang, r-devel-linux-x86_64-debian-gcc
Version: 1.0.2
Check: installed package size
Result: NOTE
installed size is 95.3Mb
sub-directories of 1Mb or more:
libs 93.8Mb
Flavors: r-oldrel-macos-arm64, r-oldrel-macos-x86_64, r-oldrel-windows-x86_64