Last updated on 2025-05-10 20:49:42 CEST.
Flavor | Version | Tinstall | Tcheck | Ttotal | Status | Flags |
---|---|---|---|---|---|---|
r-devel-linux-x86_64-debian-clang | 1.1.5 | 39.55 | 28.48 | 68.03 | NOTE | |
r-devel-linux-x86_64-debian-gcc | 1.1.5 | 29.35 | 21.94 | 51.29 | NOTE | |
r-devel-linux-x86_64-fedora-clang | 1.1.5 | 109.02 | OK | |||
r-devel-linux-x86_64-fedora-gcc | 1.1.5 | 131.40 | OK | |||
r-devel-windows-x86_64 | 1.1.5 | 42.00 | 66.00 | 108.00 | OK | |
r-patched-linux-x86_64 | 1.1.5 | 39.25 | 27.44 | 66.69 | OK | |
r-release-linux-x86_64 | 1.1.5 | 37.30 | 28.07 | 65.37 | OK | |
r-release-macos-arm64 | 1.1.5 | 31.00 | OK | |||
r-release-macos-x86_64 | 1.1.5 | 62.00 | OK | |||
r-release-windows-x86_64 | 1.1.5 | 40.00 | 67.00 | 107.00 | OK | |
r-oldrel-macos-arm64 | 1.1.5 | 27.00 | NOTE | |||
r-oldrel-macos-x86_64 | 1.1.5 | 50.00 | NOTE | |||
r-oldrel-windows-x86_64 | 1.1.5 | 49.00 | 85.00 | 134.00 | OK |
Version: 1.1.5
Check: CRAN incoming feasibility
Result: NOTE
Maintainer: ‘Leo Belzile <belzilel@gmail.com>’
No Authors@R field in DESCRIPTION.
Please add one, modifying
Authors@R: c(person(given = "Quentin",
family = "Sebille",
role = "aut",
email = "quentin.sebille@gmail.com"),
person(given = "Leo",
family = "Belzile",
role = "cre",
email = "belzilel@gmail.com"))
as necessary.
Flavors: r-devel-linux-x86_64-debian-clang, r-devel-linux-x86_64-debian-gcc
Version: 1.1.5
Check: installed package size
Result: NOTE
installed size is 5.2Mb
sub-directories of 1Mb or more:
libs 5.0Mb
Flavors: r-oldrel-macos-arm64, r-oldrel-macos-x86_64