CRAN Package Check Results for Package hipread

Last updated on 2025-05-10 20:49:42 CEST.

Flavor Version Tinstall Tcheck Ttotal Status Flags
r-devel-linux-x86_64-debian-clang 0.2.4 86.30 41.47 127.77 NOTE
r-devel-linux-x86_64-debian-gcc 0.2.4 64.28 30.82 95.10 NOTE
r-devel-linux-x86_64-fedora-clang 0.2.4 237.47 NOTE
r-devel-linux-x86_64-fedora-gcc 0.2.4 252.35 NOTE
r-devel-windows-x86_64 0.2.4 120.00 78.00 198.00 NOTE
r-patched-linux-x86_64 0.2.4 88.44 38.82 127.26 NOTE
r-release-linux-x86_64 0.2.4 89.04 38.57 127.61 NOTE
r-release-macos-arm64 0.2.4 72.00 NOTE
r-release-macos-x86_64 0.2.4 81.00 NOTE
r-release-windows-x86_64 0.2.4 123.00 82.00 205.00 NOTE
r-oldrel-macos-arm64 0.2.4 60.00 OK
r-oldrel-macos-x86_64 0.2.4 58.00 OK
r-oldrel-windows-x86_64 0.2.4 146.00 94.00 240.00 OK

Check Details

Version: 0.2.4
Check: compiled code
Result: NOTE File ‘hipread/libs/hipread.so’: Found non-API calls to R: ‘SETLENGTH’, ‘SET_TRUELENGTH’ Compiled code should not call non-API entry points in R. See ‘Writing portable packages’ in the ‘Writing R Extensions’ manual, and section ‘Moving into C API compliance’ for issues with the use of non-API entry points. Flavors: r-devel-linux-x86_64-debian-clang, r-devel-linux-x86_64-debian-gcc, r-devel-linux-x86_64-fedora-clang, r-devel-linux-x86_64-fedora-gcc, r-patched-linux-x86_64, r-release-linux-x86_64, r-release-macos-arm64, r-release-macos-x86_64

Version: 0.2.4
Check: compiled code
Result: NOTE File 'hipread/libs/x64/hipread.dll': Found non-API calls to R: 'SETLENGTH', 'SET_TRUELENGTH' Compiled code should not call non-API entry points in R. See 'Writing portable packages' in the 'Writing R Extensions' manual, and section 'Moving into C API compliance' for issues with the use of non-API entry points. Flavors: r-devel-windows-x86_64, r-release-windows-x86_64