Last updated on 2025-05-10 20:49:42 CEST.
Flavor | Version | Tinstall | Tcheck | Ttotal | Status | Flags |
---|---|---|---|---|---|---|
r-devel-linux-x86_64-debian-clang | 0.5.2 | 3.08 | 36.56 | 39.64 | NOTE | |
r-devel-linux-x86_64-debian-gcc | 0.5.2 | 2.08 | 28.07 | 30.15 | NOTE | |
r-devel-linux-x86_64-fedora-clang | 0.5.2 | 60.72 | OK | |||
r-devel-linux-x86_64-fedora-gcc | 0.5.2 | 59.45 | OK | |||
r-devel-windows-x86_64 | 0.5.2 | 5.00 | 56.00 | 61.00 | OK | |
r-patched-linux-x86_64 | 0.5.2 | 2.66 | 33.65 | 36.31 | OK | |
r-release-linux-x86_64 | 0.5.2 | 2.08 | 33.69 | 35.77 | OK | |
r-release-macos-arm64 | 0.5.2 | 22.00 | OK | |||
r-release-macos-x86_64 | 0.5.2 | 39.00 | OK | |||
r-release-windows-x86_64 | 0.5.2 | 4.00 | 58.00 | 62.00 | OK | |
r-oldrel-macos-arm64 | 0.5.2 | 20.00 | OK | |||
r-oldrel-macos-x86_64 | 0.5.2 | 38.00 | OK | |||
r-oldrel-windows-x86_64 | 0.5.2 | 6.00 | 67.00 | 73.00 | OK |
Version: 0.5.2
Check: CRAN incoming feasibility
Result: NOTE
Maintainer: ‘Daijiang Li <daijianglee@gmail.com>’
No Authors@R field in DESCRIPTION.
Please add one, modifying
Authors@R: person(given = "Daijiang",
family = "Li",
role = c("aut", "cre"),
email = "daijianglee@gmail.com")
as necessary.
Flavors: r-devel-linux-x86_64-debian-clang, r-devel-linux-x86_64-debian-gcc