Last updated on 2025-05-10 08:50:40 CEST.
Flavor | Version | Tinstall | Tcheck | Ttotal | Status | Flags |
---|---|---|---|---|---|---|
r-devel-linux-x86_64-debian-clang | 1.0.4 | 28.42 | 96.43 | 124.85 | NOTE | |
r-devel-linux-x86_64-debian-gcc | 1.0.4 | 21.03 | 68.44 | 89.47 | NOTE | |
r-devel-linux-x86_64-fedora-clang | 1.0.4 | 188.88 | OK | |||
r-devel-linux-x86_64-fedora-gcc | 1.0.4 | 197.71 | OK | |||
r-devel-windows-x86_64 | 1.0.4 | 32.00 | 116.00 | 148.00 | OK | |
r-patched-linux-x86_64 | 1.0.4 | 32.17 | 89.04 | 121.21 | OK | |
r-release-linux-x86_64 | 1.0.4 | 31.14 | 87.52 | 118.66 | OK | |
r-release-macos-arm64 | 1.0.4 | 56.00 | OK | |||
r-release-macos-x86_64 | 1.0.4 | 101.00 | OK | |||
r-release-windows-x86_64 | 1.0.4 | 34.00 | 113.00 | 147.00 | OK | |
r-oldrel-macos-arm64 | 1.0.4 | 53.00 | OK | |||
r-oldrel-macos-x86_64 | 1.0.4 | 78.00 | OK | |||
r-oldrel-windows-x86_64 | 1.0.4 | 43.00 | 139.00 | 182.00 | OK |
Version: 1.0.4
Check: CRAN incoming feasibility
Result: NOTE
Maintainer: ‘Thomas Lin Pedersen <thomasp85@gmail.com>’
No Authors@R field in DESCRIPTION.
Please add one, modifying
Authors@R: person(given = c("Thomas", "Lin"),
family = "Pedersen",
role = c("aut", "cre"),
email = "thomasp85@gmail.com")
as necessary.
Flavors: r-devel-linux-x86_64-debian-clang, r-devel-linux-x86_64-debian-gcc