Last updated on 2025-07-16 13:48:30 CEST.
Flavor | Version | Tinstall | Tcheck | Ttotal | Status | Flags |
---|---|---|---|---|---|---|
r-devel-linux-x86_64-debian-clang | 3.0.3 | 157.18 | 75.89 | 233.07 | OK | |
r-devel-linux-x86_64-debian-gcc | 3.0.3 | 114.46 | 55.27 | 169.73 | OK | |
r-devel-linux-x86_64-fedora-clang | 3.0.3 | 442.08 | OK | |||
r-devel-linux-x86_64-fedora-gcc | 3.0.3 | 395.67 | OK | |||
r-devel-windows-x86_64 | 3.0.3 | 178.00 | 113.00 | 291.00 | OK | |
r-patched-linux-x86_64 | 3.0.3 | 167.51 | 72.40 | 239.91 | OK | |
r-release-linux-x86_64 | 3.0.3 | 166.00 | 71.41 | 237.41 | OK | |
r-release-macos-arm64 | 3.0.3 | 101.00 | OK | |||
r-release-macos-x86_64 | 3.0.3 | 130.00 | OK | |||
r-release-windows-x86_64 | 3.0.3 | 178.00 | 118.00 | 296.00 | OK | |
r-oldrel-macos-arm64 | 3.0.3 | 90.00 | NOTE | |||
r-oldrel-macos-x86_64 | 3.0.3 | 98.00 | NOTE | |||
r-oldrel-windows-x86_64 | 3.0.3 | 213.00 | 139.00 | 352.00 | OK |
Version: 3.0.3
Check: installed package size
Result: NOTE
installed size is 10.9Mb
sub-directories of 1Mb or more:
libs 10.4Mb
Flavors: r-oldrel-macos-arm64, r-oldrel-macos-x86_64