Last updated on 2025-05-10 20:49:42 CEST.
Flavor | Version | Tinstall | Tcheck | Ttotal | Status | Flags |
---|---|---|---|---|---|---|
r-devel-linux-x86_64-debian-clang | 3.0.3 | 157.29 | 74.62 | 231.91 | OK | |
r-devel-linux-x86_64-debian-gcc | 3.0.3 | 112.25 | 55.77 | 168.02 | OK | |
r-devel-linux-x86_64-fedora-clang | 3.0.3 | 410.11 | OK | |||
r-devel-linux-x86_64-fedora-gcc | 3.0.3 | 460.34 | OK | |||
r-devel-windows-x86_64 | 3.0.3 | 179.00 | 110.00 | 289.00 | OK | |
r-patched-linux-x86_64 | 3.0.3 | 157.37 | 72.02 | 229.39 | OK | |
r-release-linux-x86_64 | 3.0.3 | 154.34 | 71.42 | 225.76 | OK | |
r-release-macos-arm64 | 3.0.3 | 101.00 | OK | |||
r-release-macos-x86_64 | 3.0.3 | 130.00 | OK | |||
r-release-windows-x86_64 | 3.0.3 | 176.00 | 117.00 | 293.00 | OK | |
r-oldrel-macos-arm64 | 3.0.3 | 90.00 | NOTE | |||
r-oldrel-macos-x86_64 | 3.0.3 | 98.00 | NOTE | |||
r-oldrel-windows-x86_64 | 3.0.3 | 209.00 | 131.00 | 340.00 | OK |
Version: 3.0.3
Check: installed package size
Result: NOTE
installed size is 10.9Mb
sub-directories of 1Mb or more:
libs 10.4Mb
Flavors: r-oldrel-macos-arm64, r-oldrel-macos-x86_64