CRAN Package Check Results for Package hflights

Last updated on 2025-05-10 20:49:42 CEST.

Flavor Version Tinstall Tcheck Ttotal Status Flags
r-devel-linux-x86_64-debian-clang 0.1 3.94 17.77 21.71 NOTE
r-devel-linux-x86_64-debian-gcc 0.1 2.95 13.99 16.94 NOTE
r-devel-linux-x86_64-fedora-clang 0.1 33.71 OK
r-devel-linux-x86_64-fedora-gcc 0.1 32.44 OK
r-devel-windows-x86_64 0.1 6.00 35.00 41.00 OK
r-patched-linux-x86_64 0.1 4.07 17.09 21.16 OK
r-release-linux-x86_64 0.1 3.47 17.05 20.52 OK
r-release-macos-arm64 0.1 20.00 OK
r-release-macos-x86_64 0.1 24.00 OK
r-release-windows-x86_64 0.1 5.00 39.00 44.00 OK
r-oldrel-macos-arm64 0.1 17.00 OK
r-oldrel-macos-x86_64 0.1 23.00 OK
r-oldrel-windows-x86_64 0.1 5.00 34.00 39.00 OK

Check Details

Version: 0.1
Check: CRAN incoming feasibility
Result: NOTE Maintainer: ‘Hadley Wickham <h.wickham@gmail.com>’ No Authors@R field in DESCRIPTION. Please add one, modifying Authors@R: person(given = "Hadley", family = "Wickham", role = c("aut", "cre"), email = "h.wickham@gmail.com") as necessary. Flavors: r-devel-linux-x86_64-debian-clang, r-devel-linux-x86_64-debian-gcc