Last updated on 2025-10-27 03:50:42 CET.
| Flavor | Version | Tinstall | Tcheck | Ttotal | Status | Flags |
|---|---|---|---|---|---|---|
| r-devel-linux-x86_64-debian-clang | 0.1 | 3.84 | 19.31 | 23.15 | NOTE | |
| r-devel-linux-x86_64-debian-gcc | 0.1 | 2.85 | 15.89 | 18.74 | NOTE | |
| r-devel-linux-x86_64-fedora-clang | 0.1 | 33.62 | OK | |||
| r-devel-linux-x86_64-fedora-gcc | 0.1 | 31.77 | OK | |||
| r-devel-windows-x86_64 | 0.1 | 4.00 | 34.00 | 38.00 | OK | |
| r-patched-linux-x86_64 | 0.1 | 3.86 | 18.15 | 22.01 | OK | |
| r-release-linux-x86_64 | 0.1 | 3.99 | 18.31 | 22.30 | OK | |
| r-release-macos-arm64 | 0.1 | 2.00 | 18.00 | 20.00 | OK | |
| r-release-macos-x86_64 | 0.1 | 4.00 | 20.00 | 24.00 | OK | |
| r-release-windows-x86_64 | 0.1 | 5.00 | 39.00 | 44.00 | OK | |
| r-oldrel-macos-arm64 | 0.1 | 3.00 | 14.00 | 17.00 | OK | |
| r-oldrel-macos-x86_64 | 0.1 | 5.00 | 18.00 | 23.00 | OK | |
| r-oldrel-windows-x86_64 | 0.1 | 5.00 | 34.00 | 39.00 | OK |
Version: 0.1
Check: CRAN incoming feasibility
Result: NOTE
Maintainer: ‘Hadley Wickham <h.wickham@gmail.com>’
No Authors@R field in DESCRIPTION.
Please add one, modifying
Authors@R: person(given = "Hadley",
family = "Wickham",
role = c("aut", "cre"),
email = "h.wickham@gmail.com")
as necessary.
Flavors: r-devel-linux-x86_64-debian-clang, r-devel-linux-x86_64-debian-gcc