Last updated on 2024-05-19 12:53:48 CEST.
Flavor | Version | Tinstall | Tcheck | Ttotal | Status | Flags |
---|---|---|---|---|---|---|
r-devel-linux-x86_64-debian-clang | 1.2.33 | 108.34 | 236.63 | 344.97 | OK | |
r-devel-linux-x86_64-debian-gcc | 1.2.33 | 81.37 | 162.03 | 243.40 | OK | |
r-devel-linux-x86_64-fedora-clang | 1.2.33 | 442.59 | OK | |||
r-devel-linux-x86_64-fedora-gcc | 1.2.33 | 572.94 | OK | |||
r-devel-windows-x86_64 | 1.2.33 | 82.00 | 155.00 | 237.00 | OK | |
r-patched-linux-x86_64 | 1.2.33 | 71.97 | 223.28 | 295.25 | OK | |
r-release-linux-x86_64 | 1.2.33 | 77.00 | 221.75 | 298.75 | OK | |
r-release-macos-arm64 | 1.2.33 | 84.00 | NOTE | |||
r-release-windows-x86_64 | 1.2.33 | 80.00 | 156.00 | 236.00 | OK | |
r-oldrel-macos-arm64 | 1.2.33 | 96.00 | NOTE | |||
r-oldrel-macos-x86_64 | 1.2.33 | 213.00 | NOTE | |||
r-oldrel-windows-x86_64 | 1.2.33 | 105.00 | 214.00 | 319.00 | OK |
Version: 1.2.33
Check: installed package size
Result: NOTE
installed size is 6.0Mb
sub-directories of 1Mb or more:
extdata 2.6Mb
libs 3.3Mb
Flavors: r-release-macos-arm64, r-oldrel-macos-arm64, r-oldrel-macos-x86_64