Last updated on 2025-05-10 12:49:44 CEST.
Flavor | Version | Tinstall | Tcheck | Ttotal | Status | Flags |
---|---|---|---|---|---|---|
r-devel-linux-x86_64-debian-clang | 1.0.1 | 2.45 | 37.04 | 39.49 | NOTE | |
r-devel-linux-x86_64-debian-gcc | 1.0.1 | 2.03 | 29.11 | 31.14 | NOTE | |
r-devel-linux-x86_64-fedora-clang | 1.0.1 | 61.16 | OK | |||
r-devel-linux-x86_64-fedora-gcc | 1.0.1 | 73.09 | OK | |||
r-devel-windows-x86_64 | 1.0.1 | 4.00 | 56.00 | 60.00 | OK | |
r-patched-linux-x86_64 | 1.0.1 | 2.75 | 35.18 | 37.93 | OK | |
r-release-linux-x86_64 | 1.0.1 | 2.67 | 35.02 | 37.69 | OK | |
r-release-macos-arm64 | 1.0.1 | 40.00 | OK | |||
r-release-macos-x86_64 | 1.0.1 | 57.00 | OK | |||
r-release-windows-x86_64 | 1.0.1 | 4.00 | 56.00 | 60.00 | OK | |
r-oldrel-macos-arm64 | 1.0.1 | 30.00 | OK | |||
r-oldrel-macos-x86_64 | 1.0.1 | 45.00 | OK | |||
r-oldrel-windows-x86_64 | 1.0.1 | 5.00 | 63.00 | 68.00 | OK |
Version: 1.0.1
Check: CRAN incoming feasibility
Result: NOTE
Maintainer: ‘Raoul Wadhwa <raoulwadhwa@gmail.com>’
Package CITATION file contains call(s) to old-style citEntry(). Please
use bibentry() instead.
Flavors: r-devel-linux-x86_64-debian-clang, r-devel-linux-x86_64-debian-gcc