CRAN Package Check Results for Package halfcircle

Last updated on 2025-05-10 16:52:19 CEST.

Flavor Version Tinstall Tcheck Ttotal Status Flags
r-devel-linux-x86_64-debian-clang 0.1.0 3.60 34.45 38.05 NOTE
r-devel-linux-x86_64-debian-gcc 0.1.0 2.52 26.11 28.63 NOTE
r-devel-linux-x86_64-fedora-clang 0.1.0 50.48 OK
r-devel-linux-x86_64-fedora-gcc 0.1.0 58.06 OK
r-devel-windows-x86_64 0.1.0 4.00 53.00 57.00 OK
r-patched-linux-x86_64 0.1.0 3.67 32.78 36.45 OK
r-release-linux-x86_64 0.1.0 3.65 33.15 36.80 OK
r-release-macos-arm64 0.1.0 25.00 OK
r-release-macos-x86_64 0.1.0 33.00 OK
r-release-windows-x86_64 0.1.0 4.00 53.00 57.00 OK
r-oldrel-macos-arm64 0.1.0 21.00 OK
r-oldrel-macos-x86_64 0.1.0 29.00 OK
r-oldrel-windows-x86_64 0.1.0 6.00 61.00 67.00 OK

Check Details

Version: 0.1.0
Check: CRAN incoming feasibility
Result: NOTE Maintainer: ‘Sohyun Park <park.2627@osu.edu>’ No Authors@R field in DESCRIPTION. Please add one, modifying Authors@R: c(person(given = "Sohyun", family = "Park", role = c("aut", "cre"), email = "park.2627@osu.edu"), person(given = "Ningchuan", family = "Xiao", role = "aut")) as necessary. Flavors: r-devel-linux-x86_64-debian-clang, r-devel-linux-x86_64-debian-gcc