CRAN Package Check Results for Package hNMF

Last updated on 2025-05-10 20:49:42 CEST.

Flavor Version Tinstall Tcheck Ttotal Status Flags
r-devel-linux-x86_64-debian-clang 1.0 11.07 93.49 104.56 NOTE
r-devel-linux-x86_64-debian-gcc 1.0 6.73 63.99 70.72 NOTE
r-devel-linux-x86_64-fedora-clang 1.0 147.89 OK
r-devel-linux-x86_64-fedora-gcc 1.0 150.70 OK
r-devel-windows-x86_64 1.0 12.00 93.00 105.00 OK
r-patched-linux-x86_64 1.0 8.77 87.64 96.41 OK
r-release-linux-x86_64 1.0 10.08 86.67 96.75 OK
r-release-macos-arm64 1.0 47.00 OK
r-release-macos-x86_64 1.0 79.00 OK
r-release-windows-x86_64 1.0 13.00 96.00 109.00 OK
r-oldrel-macos-arm64 1.0 41.00 NOTE
r-oldrel-macos-x86_64 1.0 62.00 NOTE
r-oldrel-windows-x86_64 1.0 16.00 114.00 130.00 NOTE

Check Details

Version: 1.0
Check: CRAN incoming feasibility
Result: NOTE Maintainer: ‘Nicolas Sauwen <nicolas.sauwen@openanalytics.eu>’ No Authors@R field in DESCRIPTION. Please add one, modifying Authors@R: person(given = "Nicolas", family = "Sauwen", role = c("aut", "cre"), email = "nicolas.sauwen@openanalytics.eu") as necessary. Flavors: r-devel-linux-x86_64-debian-clang, r-devel-linux-x86_64-debian-gcc

Version: 1.0
Check: LazyData
Result: NOTE 'LazyData' is specified without a 'data' directory Flavors: r-oldrel-macos-arm64, r-oldrel-macos-x86_64, r-oldrel-windows-x86_64