Last updated on 2025-07-22 20:51:04 CEST.
Flavor | Version | Tinstall | Tcheck | Ttotal | Status | Flags |
---|---|---|---|---|---|---|
r-devel-linux-x86_64-debian-clang | 0.1.2 | 4.68 | 24.89 | 29.57 | OK | |
r-devel-linux-x86_64-debian-gcc | 0.1.2 | 4.38 | 20.36 | 24.74 | OK | |
r-devel-linux-x86_64-fedora-clang | 0.1.2 | 41.20 | OK | |||
r-devel-linux-x86_64-fedora-gcc | 0.1.2 | 42.26 | OK | |||
r-devel-windows-x86_64 | 0.1.2 | 12.00 | 57.00 | 69.00 | OK | |
r-patched-linux-x86_64 | 0.1.2 | 5.42 | 22.23 | 27.65 | OK | |
r-release-linux-x86_64 | 0.1.2 | 5.15 | 21.94 | 27.09 | OK | |
r-release-macos-arm64 | 0.1.2 | 24.00 | OK | |||
r-release-macos-x86_64 | 0.1.2 | 31.00 | OK | |||
r-release-windows-x86_64 | 0.1.2 | 12.00 | 60.00 | 72.00 | OK | |
r-oldrel-macos-arm64 | 0.1.2 | 23.00 | OK | |||
r-oldrel-macos-x86_64 | 0.1.2 | 39.00 | OK | |||
r-oldrel-windows-x86_64 | 0.1.2 | 9.00 | 9.00 | 18.00 | ERROR |
Version: 0.1.2
Check: package dependencies
Result: ERROR
Package required and available but unsuitable version: 'h3lib'
See section 'The DESCRIPTION file' in the 'Writing R Extensions'
manual.
Flavor: r-oldrel-windows-x86_64