Last updated on 2025-05-10 16:52:19 CEST.
Flavor | Version | Tinstall | Tcheck | Ttotal | Status | Flags |
---|---|---|---|---|---|---|
r-devel-linux-x86_64-debian-clang | 0.3.0 | 12.32 | 98.12 | 110.44 | NOTE | |
r-devel-linux-x86_64-debian-gcc | 0.3.0 | 9.55 | 67.32 | 76.87 | NOTE | |
r-devel-linux-x86_64-fedora-clang | 0.3.0 | 180.49 | NOTE | |||
r-devel-linux-x86_64-fedora-gcc | 0.3.0 | 163.11 | NOTE | |||
r-devel-windows-x86_64 | 0.3.0 | 15.00 | 107.00 | 122.00 | NOTE | |
r-patched-linux-x86_64 | 0.3.0 | 13.56 | 90.70 | 104.26 | NOTE | |
r-release-linux-x86_64 | 0.3.0 | 12.72 | 90.57 | 103.29 | NOTE | |
r-release-macos-arm64 | 0.3.0 | 45.00 | NOTE | |||
r-release-macos-x86_64 | 0.3.0 | 87.00 | NOTE | |||
r-release-windows-x86_64 | 0.3.0 | 17.00 | 103.00 | 120.00 | NOTE | |
r-oldrel-macos-arm64 | 0.3.0 | 45.00 | OK | |||
r-oldrel-macos-x86_64 | 0.3.0 | 114.00 | OK | |||
r-oldrel-windows-x86_64 | 0.3.0 | 20.00 | 128.00 | 148.00 | OK |
Version: 0.3.0
Check: DESCRIPTION meta-information
Result: NOTE
Missing dependency on R >= 4.1.0 because package code uses the pipe
|> or function shorthand \(...) syntax added in R 4.1.0.
File(s) using such syntax:
‘plot.R’
Flavors: r-devel-linux-x86_64-debian-clang, r-devel-linux-x86_64-debian-gcc, r-devel-linux-x86_64-fedora-clang, r-devel-linux-x86_64-fedora-gcc, r-devel-windows-x86_64, r-patched-linux-x86_64, r-release-linux-x86_64, r-release-macos-arm64, r-release-macos-x86_64, r-release-windows-x86_64