CRAN Package Check Results for Package gtfsrouter

Last updated on 2025-07-22 16:49:35 CEST.

Flavor Version Tinstall Tcheck Ttotal Status Flags
r-devel-linux-x86_64-debian-clang 0.1.4 40.80 105.92 146.72 OK
r-devel-linux-x86_64-debian-gcc 0.1.4 31.23 79.75 110.98 OK
r-devel-linux-x86_64-fedora-clang 0.1.4 242.07 OK
r-devel-linux-x86_64-fedora-gcc 0.1.4 250.54 OK
r-devel-windows-x86_64 0.1.4 46.00 144.00 190.00 OK
r-patched-linux-x86_64 0.1.4 45.44 101.08 146.52 OK
r-release-linux-x86_64 0.1.4 45.55 100.51 146.06 OK
r-release-macos-arm64 0.1.4 94.00 OK
r-release-macos-x86_64 0.1.4 134.00 OK
r-release-windows-x86_64 0.1.4 52.00 146.00 198.00 OK
r-oldrel-macos-arm64 0.1.4 95.00 NOTE
r-oldrel-macos-x86_64 0.1.4 135.00 NOTE
r-oldrel-windows-x86_64 0.1.4 64.00 179.00 243.00 NOTE

Check Details

Version: 0.1.4
Check: installed package size
Result: NOTE installed size is 8.2Mb sub-directories of 1Mb or more: doc 4.1Mb libs 3.4Mb Flavors: r-oldrel-macos-arm64, r-oldrel-macos-x86_64, r-oldrel-windows-x86_64