Last updated on 2025-05-10 20:49:42 CEST.
Flavor | Version | Tinstall | Tcheck | Ttotal | Status | Flags |
---|---|---|---|---|---|---|
r-devel-linux-x86_64-debian-clang | 0.8.4 | 6.63 | 73.31 | 79.94 | NOTE | |
r-devel-linux-x86_64-debian-gcc | 0.8.4 | 4.70 | 55.31 | 60.01 | NOTE | |
r-devel-linux-x86_64-fedora-clang | 0.8.4 | 118.25 | NOTE | |||
r-devel-linux-x86_64-fedora-gcc | 0.8.4 | 131.94 | NOTE | |||
r-devel-windows-x86_64 | 0.8.4 | 10.00 | 108.00 | 118.00 | NOTE | |
r-patched-linux-x86_64 | 0.8.4 | 6.21 | 68.64 | 74.85 | NOTE | |
r-release-linux-x86_64 | 0.8.4 | 5.85 | 68.96 | 74.81 | NOTE | |
r-release-macos-arm64 | 0.8.4 | 50.00 | NOTE | |||
r-release-macos-x86_64 | 0.8.4 | 105.00 | NOTE | |||
r-release-windows-x86_64 | 0.8.4 | 10.00 | 107.00 | 117.00 | NOTE | |
r-oldrel-macos-arm64 | 0.8.4 | 48.00 | NOTE | |||
r-oldrel-macos-x86_64 | 0.8.4 | 81.00 | NOTE | |||
r-oldrel-windows-x86_64 | 0.8.4 | 13.00 | 156.00 | 169.00 | NOTE |
Version: 0.8.4
Check: Rd files
Result: NOTE
checkRd: (-1) predict.Rd:30: Lost braces
30 | resp. code{'exponential'} or \code{'no_lag'} for \code{fit_easylinear}.}
| ^
Flavors: r-devel-linux-x86_64-debian-clang, r-devel-linux-x86_64-debian-gcc, r-devel-linux-x86_64-fedora-clang, r-devel-linux-x86_64-fedora-gcc, r-devel-windows-x86_64, r-patched-linux-x86_64, r-release-linux-x86_64, r-release-macos-arm64, r-release-macos-x86_64, r-release-windows-x86_64, r-oldrel-macos-arm64, r-oldrel-macos-x86_64, r-oldrel-windows-x86_64
Version: 0.8.4
Check: Rd cross-references
Result: NOTE
Found the following Rd file(s) with Rd \link{} targets missing package
anchors:
cost.Rd: modCost
fit_growthmodel.Rd: modFit
Please provide package anchors for all Rd \link{} targets not in the
package itself and the base packages.
Flavors: r-devel-linux-x86_64-debian-clang, r-devel-linux-x86_64-debian-gcc, r-devel-windows-x86_64, r-patched-linux-x86_64, r-release-linux-x86_64, r-release-windows-x86_64