Last updated on 2025-05-10 20:49:42 CEST.
Flavor | Version | Tinstall | Tcheck | Ttotal | Status | Flags |
---|---|---|---|---|---|---|
r-devel-linux-x86_64-debian-clang | 0.0.3 | 2.28 | 83.93 | 86.21 | NOTE | |
r-devel-linux-x86_64-debian-gcc | 0.0.3 | 1.82 | 52.84 | 54.66 | NOTE | |
r-devel-linux-x86_64-fedora-clang | 0.0.3 | 143.85 | NOTE | |||
r-devel-linux-x86_64-fedora-gcc | 0.0.3 | 155.87 | NOTE | |||
r-devel-windows-x86_64 | 0.0.3 | 4.00 | 106.00 | 110.00 | OK | |
r-patched-linux-x86_64 | 0.0.3 | 2.34 | 79.00 | 81.34 | OK | |
r-release-linux-x86_64 | 0.0.3 | 2.66 | 78.95 | 81.61 | OK | |
r-release-macos-arm64 | 0.0.3 | 57.00 | OK | |||
r-release-macos-x86_64 | 0.0.3 | 104.00 | OK | |||
r-release-windows-x86_64 | 0.0.3 | 4.00 | 107.00 | 111.00 | OK | |
r-oldrel-macos-arm64 | 0.0.3 | 42.00 | OK | |||
r-oldrel-macos-x86_64 | 0.0.3 | 75.00 | OK | |||
r-oldrel-windows-x86_64 | 0.0.3 | 4.00 | 126.00 | 130.00 | OK |
Version: 0.0.3
Check: CRAN incoming feasibility
Result: NOTE
Maintainer: ‘Matthew Carli <carlimm@mymail.vcu.edu>’
No Authors@R field in DESCRIPTION.
Please add one, modifying
Authors@R: c(person(given = "David",
family = "Wheeler",
role = "aut"),
person(given = "Matthew",
family = "Carli",
role = c("aut", "cre"),
email = "carlimm@mymail.vcu.edu"))
as necessary.
Flavors: r-devel-linux-x86_64-debian-clang, r-devel-linux-x86_64-debian-gcc
Version: 0.0.3
Check: dependencies in R code
Result: NOTE
Namespaces in Imports field not imported from:
‘MASS’ ‘rjags’
All declared Imports should be used.
Flavors: r-devel-linux-x86_64-fedora-clang, r-devel-linux-x86_64-fedora-gcc