Last updated on 2025-05-10 16:52:18 CEST.
Flavor | Version | Tinstall | Tcheck | Ttotal | Status | Flags |
---|---|---|---|---|---|---|
r-devel-linux-x86_64-debian-clang | 1.1.0 | 4.42 | 214.15 | 218.57 | OK | |
r-devel-linux-x86_64-debian-gcc | 1.1.0 | 2.40 | 159.08 | 161.48 | OK | |
r-devel-linux-x86_64-fedora-clang | 1.1.0 | 293.40 | NOTE | |||
r-devel-linux-x86_64-fedora-gcc | 1.1.0 | 352.10 | NOTE | |||
r-devel-windows-x86_64 | 1.1.0 | 6.00 | 255.00 | 261.00 | OK | |
r-patched-linux-x86_64 | 1.1.0 | 4.75 | 221.80 | 226.55 | OK | |
r-release-linux-x86_64 | 1.1.0 | 4.55 | 220.29 | 224.84 | OK | |
r-release-macos-arm64 | 1.1.0 | 237.00 | OK | |||
r-release-macos-x86_64 | 1.1.0 | 399.00 | OK | |||
r-release-windows-x86_64 | 1.1.0 | 6.00 | 259.00 | 265.00 | OK | |
r-oldrel-macos-arm64 | 1.1.0 | 242.00 | OK | |||
r-oldrel-macos-x86_64 | 1.1.0 | 334.00 | OK | |||
r-oldrel-windows-x86_64 | 1.1.0 | 7.00 | 478.00 | 485.00 | OK |
Version: 1.1.0
Check: dependencies in R code
Result: NOTE
Namespace in Imports field not imported from: ‘msm’
All declared Imports should be used.
Flavors: r-devel-linux-x86_64-fedora-clang, r-devel-linux-x86_64-fedora-gcc