Last updated on 2025-05-10 20:49:42 CEST.
Flavor | Version | Tinstall | Tcheck | Ttotal | Status | Flags |
---|---|---|---|---|---|---|
r-devel-linux-x86_64-debian-clang | 0.0.3 | 2.05 | 20.12 | 22.17 | NOTE | |
r-devel-linux-x86_64-debian-gcc | 0.0.3 | 1.44 | 16.89 | 18.33 | NOTE | |
r-devel-linux-x86_64-fedora-clang | 0.0.3 | 32.93 | NOTE | |||
r-devel-linux-x86_64-fedora-gcc | 0.0.3 | 32.62 | NOTE | |||
r-devel-windows-x86_64 | 0.0.3 | 3.00 | 43.00 | 46.00 | NOTE | |
r-patched-linux-x86_64 | 0.0.3 | 2.09 | 18.52 | 20.61 | NOTE | |
r-release-linux-x86_64 | 0.0.3 | 2.06 | 18.40 | 20.46 | NOTE | |
r-release-macos-arm64 | 0.0.3 | 18.00 | NOTE | |||
r-release-macos-x86_64 | 0.0.3 | 29.00 | NOTE | |||
r-release-windows-x86_64 | 0.0.3 | 4.00 | 43.00 | 47.00 | NOTE | |
r-oldrel-macos-arm64 | 0.0.3 | 15.00 | OK | |||
r-oldrel-macos-x86_64 | 0.0.3 | 30.00 | OK | |||
r-oldrel-windows-x86_64 | 0.0.3 | 4.00 | 43.00 | 47.00 | OK |
Version: 0.0.3
Check: DESCRIPTION meta-information
Result: NOTE
Missing dependency on R >= 4.1.0 because package code uses the pipe
|> or function shorthand \(...) syntax added in R 4.1.0.
File(s) using such syntax:
‘collections.R’ ‘packages.R’ ‘published.R’ ‘related.R’ ‘utils.R’
Flavors: r-devel-linux-x86_64-debian-clang, r-devel-linux-x86_64-debian-gcc, r-devel-linux-x86_64-fedora-clang, r-devel-linux-x86_64-fedora-gcc, r-devel-windows-x86_64, r-patched-linux-x86_64, r-release-linux-x86_64, r-release-macos-arm64, r-release-macos-x86_64, r-release-windows-x86_64