Last updated on 2025-05-10 20:49:41 CEST.
Flavor | Version | Tinstall | Tcheck | Ttotal | Status | Flags |
---|---|---|---|---|---|---|
r-devel-linux-x86_64-debian-clang | 1.1.0 | 6.76 | 19.37 | 26.13 | NOTE | |
r-devel-linux-x86_64-debian-gcc | 1.1.0 | 4.56 | 16.10 | 20.66 | NOTE | |
r-devel-linux-x86_64-fedora-clang | 1.1.0 | 37.24 | OK | |||
r-devel-linux-x86_64-fedora-gcc | 1.1.0 | 39.16 | OK | |||
r-devel-windows-x86_64 | 1.1.0 | 8.00 | 39.00 | 47.00 | OK | |
r-patched-linux-x86_64 | 1.1.0 | 6.49 | 18.62 | 25.11 | OK | |
r-release-linux-x86_64 | 1.1.0 | 5.61 | 18.84 | 24.45 | OK | |
r-release-macos-arm64 | 1.1.0 | 20.00 | OK | |||
r-release-macos-x86_64 | 1.1.0 | 31.00 | OK | |||
r-release-windows-x86_64 | 1.1.0 | 8.00 | 41.00 | 49.00 | OK | |
r-oldrel-macos-arm64 | 1.1.0 | 17.00 | OK | |||
r-oldrel-macos-x86_64 | 1.1.0 | 26.00 | OK | |||
r-oldrel-windows-x86_64 | 1.1.0 | 7.00 | 38.00 | 45.00 | OK |
Version: 1.1.0
Check: CRAN incoming feasibility
Result: NOTE
Maintainer: ‘Kalifa Manjang <kalifamanjang1@gmail.com>’
No Authors@R field in DESCRIPTION.
Please add one, modifying
Authors@R: person(given = "Kalifa",
family = "Manjang",
role = c("aut", "cre"),
email = "kalifamanjang1@gmail.com")
as necessary.
Flavors: r-devel-linux-x86_64-debian-clang, r-devel-linux-x86_64-debian-gcc