Last updated on 2025-07-18 08:51:00 CEST.
Flavor | Version | Tinstall | Tcheck | Ttotal | Status | Flags |
---|---|---|---|---|---|---|
r-devel-linux-x86_64-debian-clang | 1.6.12 | 152.05 | 107.64 | 259.69 | OK | |
r-devel-linux-x86_64-debian-gcc | 1.6.12 | 100.30 | 70.02 | 170.32 | OK | |
r-devel-linux-x86_64-fedora-clang | 1.6.12 | 468.31 | OK | |||
r-devel-linux-x86_64-fedora-gcc | 1.6.12 | 423.85 | OK | |||
r-devel-windows-x86_64 | 1.6.12 | 170.00 | 130.00 | 300.00 | OK | |
r-patched-linux-x86_64 | 1.6.12 | 146.78 | 98.98 | 245.76 | OK | |
r-release-linux-x86_64 | 1.6.12 | 147.76 | 98.40 | 246.16 | OK | |
r-release-macos-arm64 | 1.6.12 | 91.00 | OK | |||
r-release-macos-x86_64 | 1.6.12 | 165.00 | OK | |||
r-release-windows-x86_64 | 1.6.12 | 171.00 | 128.00 | 299.00 | OK | |
r-oldrel-macos-arm64 | 1.6.12 | 100.00 | NOTE | |||
r-oldrel-macos-x86_64 | 1.6.12 | 134.00 | NOTE | |||
r-oldrel-windows-x86_64 | 1.6.12 | 199.00 | 170.00 | 369.00 | OK |
Version: 1.6.12
Check: installed package size
Result: NOTE
installed size is 7.6Mb
sub-directories of 1Mb or more:
libs 5.9Mb
Flavors: r-oldrel-macos-arm64, r-oldrel-macos-x86_64