CRAN Package Check Results for Package gnumeric

Last updated on 2025-07-13 17:48:31 CEST.

Flavor Version Tinstall Tcheck Ttotal Status Flags
r-devel-linux-x86_64-debian-clang 0.7-10 2.47 28.69 31.16 NOTE
r-devel-linux-x86_64-debian-gcc 0.7-10 1.90 22.69 24.59 NOTE
r-devel-linux-x86_64-fedora-clang 0.7-10 48.36 OK
r-devel-linux-x86_64-fedora-gcc 0.7-10 57.86 OK
r-devel-windows-x86_64 0.7-10 3.00 50.00 53.00 OK
r-patched-linux-x86_64 0.7-10 2.63 26.95 29.58 OK
r-release-linux-x86_64 0.7-10 2.14 27.02 29.16 OK
r-release-macos-arm64 0.7-10 25.00 OK
r-release-macos-x86_64 0.7-10 43.00 OK
r-release-windows-x86_64 0.7-10 4.00 53.00 57.00 OK
r-oldrel-macos-arm64 0.7-10 23.00 OK
r-oldrel-macos-x86_64 0.7-10 35.00 OK
r-oldrel-windows-x86_64 0.7-10 4.00 55.00 59.00 OK

Check Details

Version: 0.7-10
Check: CRAN incoming feasibility
Result: NOTE Maintainer: ‘Karoly Antal <antalk2@gmail.com>’ No Authors@R field in DESCRIPTION. Please add one, modifying Authors@R: c(person(given = "Karoly", family = "Antal.", role = "aut", email = "antalk2@gmail.com"), person(given = "Karoly", family = "Antal", role = "cre", email = "antalk2@gmail.com")) as necessary. Flavors: r-devel-linux-x86_64-debian-clang, r-devel-linux-x86_64-debian-gcc