CRAN Package Check Results for Package glmmEP

Last updated on 2025-07-24 04:50:12 CEST.

Flavor Version Tinstall Tcheck Ttotal Status Flags
r-devel-linux-x86_64-debian-clang 1.0-3.1 10.80 70.41 81.21 NOTE
r-devel-linux-x86_64-debian-gcc 1.0-3.1 7.99 53.16 61.15 NOTE
r-devel-linux-x86_64-fedora-clang 1.0-3.1 121.45 NOTE
r-devel-linux-x86_64-fedora-gcc 1.0-3.1 129.89 NOTE
r-devel-windows-x86_64 1.0-3.1 17.00 94.00 111.00 NOTE
r-patched-linux-x86_64 1.0-3.1 10.29 66.68 76.97 NOTE
r-release-linux-x86_64 1.0-3.1 10.62 67.28 77.90 NOTE
r-release-macos-arm64 1.0-3.1 57.00 NOTE
r-release-macos-x86_64 1.0-3.1 97.00 NOTE
r-release-windows-x86_64 1.0-3.1 17.00 97.00 114.00 NOTE
r-oldrel-macos-arm64 1.0-3.1 45.00 NOTE
r-oldrel-macos-x86_64 1.0-3.1 88.00 NOTE
r-oldrel-windows-x86_64 1.0-3.1 19.00 108.00 127.00 NOTE

Check Details

Version: 1.0-3.1
Check: CRAN incoming feasibility
Result: NOTE Maintainer: ‘Matt P. Wand <matt.wand@uts.edu.au>’ The Description field contains Johnstone, Ormerod, Wand and Yu (2018) <arXiv:1805.08423v1>. Please refer to arXiv e-prints via their arXiv DOI <doi:10.48550/arXiv.YYMM.NNNNN>. Flavors: r-devel-linux-x86_64-debian-clang, r-devel-linux-x86_64-debian-gcc

Version: 1.0-3.1
Check: Rd files
Result: NOTE checkRd: (-1) glmmSimData.Rd:4: Lost braces; missing escapes or markup? 4 | \description{Section 4.1.2 of the refence below descries a simulation study with data generated from a probit mixed model with six fixed effects parameters and a bivariate random effects vector having a 2 by 2 symmetric positive definite covariance matrix. The function simulates a data set from this model with 2500 groups and the number of observation in each group being a random draw from {20,21,...,30}.} | ^ Flavors: r-devel-linux-x86_64-debian-clang, r-devel-linux-x86_64-debian-gcc, r-devel-linux-x86_64-fedora-clang, r-devel-linux-x86_64-fedora-gcc, r-devel-windows-x86_64, r-patched-linux-x86_64, r-release-linux-x86_64, r-release-macos-arm64, r-release-macos-x86_64, r-release-windows-x86_64, r-oldrel-macos-arm64, r-oldrel-macos-x86_64, r-oldrel-windows-x86_64