Last updated on 2025-05-10 12:49:43 CEST.
Flavor | Version | Tinstall | Tcheck | Ttotal | Status | Flags |
---|---|---|---|---|---|---|
r-devel-linux-x86_64-debian-clang | 0.2 | 3.38 | 19.33 | 22.71 | NOTE | |
r-devel-linux-x86_64-debian-gcc | 0.2 | 2.75 | 15.93 | 18.68 | NOTE | |
r-devel-linux-x86_64-fedora-clang | 0.2 | 36.86 | OK | |||
r-devel-linux-x86_64-fedora-gcc | 0.2 | 36.28 | OK | |||
r-devel-windows-x86_64 | 0.2 | 6.00 | 42.00 | 48.00 | OK | |
r-patched-linux-x86_64 | 0.2 | 3.62 | 18.93 | 22.55 | OK | |
r-release-linux-x86_64 | 0.2 | 3.39 | 18.57 | 21.96 | OK | |
r-release-macos-arm64 | 0.2 | 18.00 | OK | |||
r-release-macos-x86_64 | 0.2 | 26.00 | OK | |||
r-release-windows-x86_64 | 0.2 | 7.00 | 43.00 | 50.00 | OK | |
r-oldrel-macos-arm64 | 0.2 | 15.00 | OK | |||
r-oldrel-macos-x86_64 | 0.2 | 23.00 | OK | |||
r-oldrel-windows-x86_64 | 0.2 | 7.00 | 42.00 | 49.00 | OK |
Version: 0.2
Check: CRAN incoming feasibility
Result: NOTE
Maintainer: ‘Canhong Wen <wencanhong@gmail.com>’
No Authors@R field in DESCRIPTION.
Please add one, modifying
Authors@R: c(person(given = "Canhong",
family = "Wen",
role = c("aut", "cre"),
email = "wencanhong@gmail.com"),
person(given = "Hao",
family = "Lin",
role = "aut"),
person(given = "Xueqin",
family = "Wang",
role = "aut"))
as necessary.
Flavors: r-devel-linux-x86_64-debian-clang, r-devel-linux-x86_64-debian-gcc