CRAN Package Check Results for Package gitlink

Last updated on 2025-05-10 08:50:39 CEST.

Flavor Version Tinstall Tcheck Ttotal Status Flags
r-devel-linux-x86_64-debian-clang 0.1.3 2.23 26.44 28.67 OK
r-devel-linux-x86_64-debian-gcc 0.1.3 1.74 21.27 23.01 OK
r-devel-linux-x86_64-fedora-clang 0.1.3 43.02 OK
r-devel-linux-x86_64-fedora-gcc 0.1.3 42.96 OK
r-devel-windows-x86_64 0.1.3 3.00 51.00 54.00 OK
r-patched-linux-x86_64 0.1.3 2.19 25.09 27.28 OK
r-release-linux-x86_64 0.1.3 1.90 24.84 26.74 OK
r-release-macos-arm64 0.1.3 21.00 OK
r-release-macos-x86_64 0.1.3 29.00 OK
r-release-windows-x86_64 0.1.3 4.00 49.00 53.00 OK
r-oldrel-macos-arm64 0.1.3 19.00 NOTE
r-oldrel-macos-x86_64 0.1.3 27.00 NOTE
r-oldrel-windows-x86_64 0.1.3 4.00 52.00 56.00 NOTE

Check Details

Version: 0.1.3
Check: LazyData
Result: NOTE 'LazyData' is specified without a 'data' directory Flavors: r-oldrel-macos-arm64, r-oldrel-macos-x86_64, r-oldrel-windows-x86_64