Last updated on 2025-07-15 12:49:21 CEST.
Flavor | Version | Tinstall | Tcheck | Ttotal | Status | Flags |
---|---|---|---|---|---|---|
r-devel-linux-x86_64-debian-clang | 1.1.9 | 11.09 | 122.81 | 133.90 | NOTE | |
r-devel-linux-x86_64-debian-gcc | 1.1.9 | 7.42 | 85.54 | 92.96 | NOTE | |
r-devel-linux-x86_64-fedora-clang | 1.1.9 | 196.72 | OK | |||
r-devel-linux-x86_64-fedora-gcc | 1.1.9 | 191.64 | OK | |||
r-devel-windows-x86_64 | 1.1.9 | 14.00 | 126.00 | 140.00 | NOTE | |
r-patched-linux-x86_64 | 1.1.9 | 11.08 | 115.54 | 126.62 | NOTE | |
r-release-linux-x86_64 | 1.1.9 | 9.89 | 114.15 | 124.04 | NOTE | |
r-release-macos-arm64 | 1.1.9 | 60.00 | OK | |||
r-release-macos-x86_64 | 1.1.9 | 113.00 | OK | |||
r-release-windows-x86_64 | 1.1.9 | 14.00 | 136.00 | 150.00 | NOTE | |
r-oldrel-macos-arm64 | 1.1.9 | 57.00 | OK | |||
r-oldrel-macos-x86_64 | 1.1.9 | 84.00 | OK | |||
r-oldrel-windows-x86_64 | 1.1.9 | 19.00 | 160.00 | 179.00 | OK |
Version: 1.1.9
Check: Rd cross-references
Result: NOTE
Found the following Rd file(s) with Rd \link{} targets missing package
anchors:
layer_spatial.Raster.Rd: geom_raster
layer_spatial.SpatRaster.Rd: geom_raster
layer_spatial.stars.Rd: geom_raster
Please provide package anchors for all Rd \link{} targets not in the
package itself and the base packages.
Flavors: r-devel-linux-x86_64-debian-clang, r-devel-linux-x86_64-debian-gcc, r-devel-windows-x86_64, r-patched-linux-x86_64, r-release-linux-x86_64, r-release-windows-x86_64