Last updated on 2025-05-10 20:49:41 CEST.
Flavor | Version | Tinstall | Tcheck | Ttotal | Status | Flags |
---|---|---|---|---|---|---|
r-devel-linux-x86_64-debian-clang | 0.3.3 | 8.31 | 86.10 | 94.41 | NOTE | |
r-devel-linux-x86_64-debian-gcc | 0.3.3 | 5.90 | 61.07 | 66.97 | NOTE | |
r-devel-linux-x86_64-fedora-clang | 0.3.3 | 141.86 | NOTE | |||
r-devel-linux-x86_64-fedora-gcc | 0.3.3 | 170.10 | NOTE | |||
r-devel-windows-x86_64 | 0.3.3 | 10.00 | 102.00 | 112.00 | NOTE | |
r-patched-linux-x86_64 | 0.3.3 | 9.33 | 82.24 | 91.57 | NOTE | |
r-release-linux-x86_64 | 0.3.3 | 8.17 | 81.45 | 89.62 | NOTE | |
r-release-macos-arm64 | 0.3.3 | 49.00 | NOTE | |||
r-release-macos-x86_64 | 0.3.3 | 109.00 | NOTE | |||
r-release-windows-x86_64 | 0.3.3 | 10.00 | 103.00 | 113.00 | NOTE | |
r-oldrel-macos-arm64 | 0.3.3 | 48.00 | NOTE | |||
r-oldrel-macos-x86_64 | 0.3.3 | 78.00 | NOTE | |||
r-oldrel-windows-x86_64 | 0.3.3 | 13.00 | 123.00 | 136.00 | NOTE |
Version: 0.3.3
Check: CRAN incoming feasibility
Result: NOTE
Maintainer: ‘Haley Jeppson <hjeppson@iastate.edu>’
The BugReports field in DESCRIPTION has
https://github.com/haleyjeppson/ggmosaic
which should likely be
https://github.com/haleyjeppson/ggmosaic/issues
instead.
Flavors: r-devel-linux-x86_64-debian-clang, r-devel-linux-x86_64-debian-gcc
Version: 0.3.3
Check: dependencies in R code
Result: NOTE
':::' call which should be '::': ‘scales:::censor’
See the note in ?`:::` about the use of this operator.
Unexported object imported by a ':::' call: ‘productplots:::bound’
See the note in ?`:::` about the use of this operator.
Flavors: r-devel-linux-x86_64-debian-clang, r-devel-linux-x86_64-debian-gcc, r-devel-linux-x86_64-fedora-clang, r-devel-linux-x86_64-fedora-gcc, r-devel-windows-x86_64, r-patched-linux-x86_64, r-release-linux-x86_64, r-release-macos-arm64, r-release-macos-x86_64, r-release-windows-x86_64, r-oldrel-macos-arm64, r-oldrel-macos-x86_64, r-oldrel-windows-x86_64