Last updated on 2024-05-19 12:53:46 CEST.
Flavor | Version | Tinstall | Tcheck | Ttotal | Status | Flags |
---|---|---|---|---|---|---|
r-devel-linux-x86_64-debian-clang | 0.3.3 | 8.22 | 104.99 | 113.21 | NOTE | |
r-devel-linux-x86_64-debian-gcc | 0.3.3 | 6.94 | 77.77 | 84.71 | NOTE | |
r-devel-linux-x86_64-fedora-clang | 0.3.3 | 143.24 | NOTE | |||
r-devel-linux-x86_64-fedora-gcc | 0.3.3 | 203.43 | NOTE | |||
r-devel-windows-x86_64 | 0.3.3 | 8.00 | 97.00 | 105.00 | NOTE | |
r-patched-linux-x86_64 | 0.3.3 | 9.93 | 97.00 | 106.93 | NOTE | |
r-release-linux-x86_64 | 0.3.3 | 9.15 | 98.14 | 107.29 | NOTE | |
r-release-macos-arm64 | 0.3.3 | 48.00 | NOTE | |||
r-release-windows-x86_64 | 0.3.3 | 10.00 | 98.00 | 108.00 | NOTE | |
r-oldrel-macos-arm64 | 0.3.3 | 51.00 | NOTE | |||
r-oldrel-macos-x86_64 | 0.3.3 | 79.00 | NOTE | |||
r-oldrel-windows-x86_64 | 0.3.3 | 12.00 | 117.00 | 129.00 | NOTE |
Version: 0.3.3
Check: dependencies in R code
Result: NOTE
':::' call which should be '::': ‘scales:::censor’
See the note in ?`:::` about the use of this operator.
Unexported object imported by a ':::' call: ‘productplots:::bound’
See the note in ?`:::` about the use of this operator.
Flavors: r-devel-linux-x86_64-debian-clang, r-devel-linux-x86_64-debian-gcc, r-devel-linux-x86_64-fedora-clang, r-devel-linux-x86_64-fedora-gcc, r-devel-windows-x86_64, r-patched-linux-x86_64, r-release-linux-x86_64, r-release-macos-arm64, r-release-windows-x86_64, r-oldrel-macos-arm64, r-oldrel-macos-x86_64, r-oldrel-windows-x86_64