Last updated on 2025-10-16 08:50:35 CEST.
Flavor | Version | Tinstall | Tcheck | Ttotal | Status | Flags |
---|---|---|---|---|---|---|
r-devel-linux-x86_64-debian-clang | 0.3.0 | 14.78 | 122.35 | 137.13 | NOTE | |
r-devel-linux-x86_64-debian-gcc | 0.3.0 | 9.36 | 87.87 | 97.23 | NOTE | |
r-devel-linux-x86_64-fedora-clang | 0.3.0 | 203.28 | OK | |||
r-devel-linux-x86_64-fedora-gcc | 0.3.0 | 189.61 | OK | |||
r-devel-windows-x86_64 | 0.3.0 | 16.00 | 113.00 | 129.00 | OK | |
r-patched-linux-x86_64 | 0.3.0 | 14.18 | 111.31 | 125.49 | OK | |
r-release-linux-x86_64 | 0.3.0 | 13.32 | 110.89 | 124.21 | OK | |
r-release-macos-arm64 | 0.3.0 | 53.00 | OK | |||
r-release-macos-x86_64 | 0.3.0 | 113.00 | OK | |||
r-release-windows-x86_64 | 0.3.0 | 17.00 | 116.00 | 133.00 | OK | |
r-oldrel-macos-arm64 | 0.3.0 | 53.00 | OK | |||
r-oldrel-macos-x86_64 | 0.3.0 | 123.00 | OK | |||
r-oldrel-windows-x86_64 | 0.3.0 | 22.00 | 146.00 | 168.00 | OK |
Version: 0.3.0
Check: DESCRIPTION meta-information
Result: NOTE
Author field differs from that derived from Authors@R
Author: ‘Mikko Vihtakari [aut, cre] (Institute of Marine Research, <https://orcid.org/0000-0003-0371-4319>)’
Authors@R: ‘Mikko Vihtakari [aut, cre] (affiliation: Institute of Marine Research, ORCID: <https://orcid.org/0000-0003-0371-4319>)’
Flavors: r-devel-linux-x86_64-debian-clang, r-devel-linux-x86_64-debian-gcc