Last updated on 2025-05-10 16:52:17 CEST.
Flavor | Version | Tinstall | Tcheck | Ttotal | Status | Flags |
---|---|---|---|---|---|---|
r-devel-linux-x86_64-debian-clang | 0.0.5 | 2.81 | 18.67 | 21.48 | NOTE | |
r-devel-linux-x86_64-debian-gcc | 0.0.5 | 1.95 | 15.38 | 17.33 | NOTE | |
r-devel-linux-x86_64-fedora-clang | 0.0.5 | 29.86 | OK | |||
r-devel-linux-x86_64-fedora-gcc | 0.0.5 | 30.73 | OK | |||
r-devel-windows-x86_64 | 0.0.5 | 5.00 | 41.00 | 46.00 | OK | |
r-patched-linux-x86_64 | 0.0.5 | 2.33 | 16.89 | 19.22 | OK | |
r-release-linux-x86_64 | 0.0.5 | 2.29 | 16.19 | 18.48 | OK | |
r-release-macos-arm64 | 0.0.5 | 17.00 | OK | |||
r-release-macos-x86_64 | 0.0.5 | 25.00 | OK | |||
r-release-windows-x86_64 | 0.0.5 | 7.00 | 43.00 | 50.00 | OK | |
r-oldrel-macos-arm64 | 0.0.5 | 15.00 | OK | |||
r-oldrel-macos-x86_64 | 0.0.5 | 21.00 | OK | |||
r-oldrel-windows-x86_64 | 0.0.5 | 5.00 | 40.00 | 45.00 | OK |
Version: 0.0.5
Check: CRAN incoming feasibility
Result: NOTE
Maintainer: ‘Dirk Eddelbuettel <edd@debian.org>’
No Authors@R field in DESCRIPTION.
Please add one, modifying
Authors@R: person(given = "Dirk",
family = "Eddelbuettel",
role = c("aut", "cre"),
email = "edd@debian.org")
as necessary.
Flavors: r-devel-linux-x86_64-debian-clang, r-devel-linux-x86_64-debian-gcc